Last updated on 2023-02-03 06:50:16 CET.
Flavor | Version | Tinstall | Tcheck | Ttotal | Status | Flags |
---|---|---|---|---|---|---|
r-devel-linux-x86_64-debian-clang | 0.1.1 | 87.00 | 35.25 | 122.25 | NOTE | |
r-devel-linux-x86_64-debian-gcc | 0.1.1 | 67.38 | 26.89 | 94.27 | NOTE | |
r-devel-linux-x86_64-fedora-clang | 0.1.1 | 195.65 | NOTE | |||
r-devel-linux-x86_64-fedora-gcc | 0.1.1 | 158.81 | NOTE | |||
r-patched-linux-x86_64 | 0.1.1 | 66.54 | 35.33 | 101.87 | NOTE | |
r-release-linux-x86_64 | 0.1.1 | 69.34 | 33.59 | 102.93 | NOTE | |
r-release-macos-arm64 | 0.1.1 | 42.00 | NOTE | |||
r-release-macos-x86_64 | 0.1.1 | 60.00 | NOTE | |||
r-release-windows-x86_64 | 0.1.1 | 73.00 | 90.00 | 163.00 | NOTE | |
r-oldrel-macos-arm64 | 0.1.1 | 48.00 | NOTE | |||
r-oldrel-macos-x86_64 | 0.1.1 | 74.00 | NOTE | |||
r-oldrel-windows-ix86+x86_64 | 0.1.1 | 206.00 | 92.00 | 298.00 | NOTE |
Version: 0.1.1
Check: LazyData
Result: NOTE
'LazyData' is specified without a 'data' directory
Flavors: r-devel-linux-x86_64-debian-clang, r-devel-linux-x86_64-debian-gcc, r-devel-linux-x86_64-fedora-clang, r-devel-linux-x86_64-fedora-gcc, r-patched-linux-x86_64, r-release-linux-x86_64, r-release-macos-arm64, r-release-macos-x86_64, r-release-windows-x86_64, r-oldrel-macos-arm64, r-oldrel-macos-x86_64, r-oldrel-windows-ix86+x86_64