CRAN Package Check Results for Package FastGP

Last updated on 2024-02-21 07:52:28 CET.

Flavor Version Tinstall Tcheck Ttotal Status Flags
r-devel-linux-x86_64-debian-clang 1.2 OK
r-devel-linux-x86_64-debian-gcc 1.2 36.84 24.36 61.20 OK
r-devel-linux-x86_64-fedora-clang 1.2 120.84 NOTE
r-devel-linux-x86_64-fedora-gcc 1.2 114.14 NOTE
r-devel-windows-x86_64 1.2 40.00 63.00 103.00 OK
r-patched-linux-x86_64 1.2 53.92 30.50 84.42 OK
r-release-linux-x86_64 1.2 46.29 31.14 77.43 OK
r-release-macos-arm64 1.2 35.00 NOTE
r-release-macos-x86_64 1.2 50.00 NOTE
r-release-windows-x86_64 1.2 51.00 70.00 121.00 OK
r-oldrel-macos-arm64 1.2 34.00 NOTE
r-oldrel-windows-x86_64 1.2 45.00 74.00 119.00 OK

Check Details

Version: 1.2
Check: compiled code
Result: NOTE File ‘FastGP/libs/FastGP.so’: Found no calls to: ‘R_registerRoutines’, ‘R_useDynamicSymbols’ It is good practice to register native routines and to disable symbol search. See ‘Writing portable packages’ in the ‘Writing R Extensions’ manual. Flavors: r-devel-linux-x86_64-fedora-clang, r-devel-linux-x86_64-fedora-gcc

Version: 1.2
Check: installed package size
Result: NOTE installed size is 7.2Mb sub-directories of 1Mb or more: libs 6.8Mb Flavors: r-release-macos-arm64, r-release-macos-x86_64, r-oldrel-macos-arm64