CRAN Package Check Results for Package FastBandChol

Last updated on 2024-02-21 07:52:28 CET.

Flavor Version Tinstall Tcheck Ttotal Status Flags
r-devel-linux-x86_64-debian-clang 0.1.1 NOTE
r-devel-linux-x86_64-debian-gcc 0.1.1 22.25 22.00 44.25 NOTE
r-devel-linux-x86_64-fedora-clang 0.1.1 92.12 NOTE
r-devel-linux-x86_64-fedora-gcc 0.1.1 83.19 NOTE
r-devel-windows-x86_64 0.1.1 27.00 74.00 101.00 NOTE
r-patched-linux-x86_64 0.1.1 34.90 27.74 62.64 NOTE
r-release-linux-x86_64 0.1.1 35.72 27.67 63.39 NOTE
r-release-macos-arm64 0.1.1 27.00 NOTE
r-release-macos-x86_64 0.1.1 40.00 NOTE
r-release-windows-x86_64 0.1.1 34.00 76.00 110.00 NOTE
r-oldrel-macos-arm64 0.1.1 25.00 NOTE
r-oldrel-windows-x86_64 0.1.1 32.00 70.00 102.00 NOTE

Check Details

Version: 0.1.1
Check: LazyData
Result: NOTE 'LazyData' is specified without a 'data' directory Flavors: r-devel-linux-x86_64-debian-clang, r-devel-linux-x86_64-debian-gcc, r-devel-linux-x86_64-fedora-clang, r-devel-linux-x86_64-fedora-gcc, r-devel-windows-x86_64, r-patched-linux-x86_64, r-release-linux-x86_64, r-release-macos-arm64, r-release-macos-x86_64, r-release-windows-x86_64, r-oldrel-macos-arm64, r-oldrel-windows-x86_64

Version: 0.1.1
Check: compiled code
Result: NOTE File ‘FastBandChol/libs/FastBandChol.so’: Found no calls to: ‘R_registerRoutines’, ‘R_useDynamicSymbols’ It is good practice to register native routines and to disable symbol search. See ‘Writing portable packages’ in the ‘Writing R Extensions’ manual. Flavors: r-devel-linux-x86_64-fedora-clang, r-devel-linux-x86_64-fedora-gcc