CRAN Package Check Results for Package FastBandChol

Last updated on 2023-02-03 06:50:16 CET.

Flavor Version Tinstall Tcheck Ttotal Status Flags
r-devel-linux-x86_64-debian-clang 0.1.1 34.35 27.97 62.32 NOTE
r-devel-linux-x86_64-debian-gcc 0.1.1 25.09 21.88 46.97 NOTE
r-devel-linux-x86_64-fedora-clang 0.1.1 91.93 NOTE
r-devel-linux-x86_64-fedora-gcc 0.1.1 78.38 NOTE
r-patched-linux-x86_64 0.1.1 26.31 27.84 54.15 NOTE
r-release-linux-x86_64 0.1.1 26.56 28.11 54.67 NOTE
r-release-macos-arm64 0.1.1 26.00 NOTE
r-release-macos-x86_64 0.1.1 34.00 NOTE
r-release-windows-x86_64 0.1.1 38.00 81.00 119.00 NOTE
r-oldrel-macos-arm64 0.1.1 30.00 NOTE
r-oldrel-macos-x86_64 0.1.1 42.00 NOTE
r-oldrel-windows-ix86+x86_64 0.1.1 80.00 86.00 166.00 NOTE

Check Details

Version: 0.1.1
Check: LazyData
Result: NOTE
     'LazyData' is specified without a 'data' directory
Flavors: r-devel-linux-x86_64-debian-clang, r-devel-linux-x86_64-debian-gcc, r-devel-linux-x86_64-fedora-clang, r-devel-linux-x86_64-fedora-gcc, r-patched-linux-x86_64, r-release-linux-x86_64, r-release-macos-arm64, r-release-macos-x86_64, r-release-windows-x86_64, r-oldrel-macos-arm64, r-oldrel-macos-x86_64, r-oldrel-windows-ix86+x86_64

Version: 0.1.1
Check: compiled code
Result: NOTE
    File ‘FastBandChol/libs/FastBandChol.so’:
     Found no calls to: ‘R_registerRoutines’, ‘R_useDynamicSymbols’
    
    It is good practice to register native routines and to disable symbol
    search.
    
    See ‘Writing portable packages’ in the ‘Writing R Extensions’ manual.
Flavors: r-devel-linux-x86_64-fedora-clang, r-devel-linux-x86_64-fedora-gcc