Last updated on 2023-02-05 07:57:20 CET.
Flavor | Version | Tinstall | Tcheck | Ttotal | Status | Flags |
---|---|---|---|---|---|---|
r-devel-linux-x86_64-debian-clang | 1.2.7 | 10.90 | 73.87 | 84.77 | NOTE | |
r-devel-linux-x86_64-debian-gcc | 1.2.7 | 8.36 | 55.73 | 64.09 | NOTE | |
r-devel-linux-x86_64-fedora-clang | 1.2.7 | 121.90 | NOTE | |||
r-devel-linux-x86_64-fedora-gcc | 1.2.7 | 104.46 | NOTE | |||
r-devel-windows-x86_64 | 1.2.7 | 39.00 | 113.00 | 152.00 | OK | |
r-patched-linux-x86_64 | 1.2.7 | 8.21 | 72.90 | 81.11 | NOTE | |
r-release-linux-x86_64 | 1.2.7 | 9.83 | 72.47 | 82.30 | NOTE | |
r-release-macos-arm64 | 1.2.7 | 36.00 | OK | |||
r-release-macos-x86_64 | 1.2.7 | 66.00 | OK | |||
r-release-windows-x86_64 | 1.2.7 | 36.00 | 121.00 | 157.00 | OK | |
r-oldrel-macos-arm64 | 1.2.7 | 38.00 | OK | |||
r-oldrel-macos-x86_64 | 1.2.7 | 57.00 | OK | |||
r-oldrel-windows-ix86+x86_64 | 1.2.7 | 26.00 | 132.00 | 158.00 | OK |
Version: 1.2.7
Check: for non-standard things in the check directory
Result: NOTE
Found the following files/directories:
‘Bogota.tex’ ‘DogBreeds1.tex’
Flavors: r-devel-linux-x86_64-debian-clang, r-devel-linux-x86_64-debian-gcc, r-devel-linux-x86_64-fedora-clang, r-devel-linux-x86_64-fedora-gcc, r-patched-linux-x86_64, r-release-linux-x86_64