Last updated on 2023-02-08 06:56:25 CET.
Flavor | Version | Tinstall | Tcheck | Ttotal | Status | Flags |
---|---|---|---|---|---|---|
r-devel-linux-x86_64-debian-clang | 2.0.5 | 23.85 | 358.31 | 382.16 | OK | |
r-devel-linux-x86_64-debian-gcc | 2.0.5 | 18.09 | 254.47 | 272.56 | OK | |
r-devel-linux-x86_64-fedora-clang | 2.0.5 | 494.53 | NOTE | |||
r-devel-linux-x86_64-fedora-gcc | 2.0.5 | 465.55 | NOTE | |||
r-devel-windows-x86_64 | 2.0.5 | 76.00 | 379.00 | 455.00 | OK | |
r-patched-linux-x86_64 | 2.0.5 | 21.71 | 337.69 | 359.40 | OK | |
r-release-linux-x86_64 | 2.0.5 | 15.85 | 328.10 | 343.95 | OK | |
r-release-macos-arm64 | 2.0.5 | 110.00 | NOTE | |||
r-release-macos-x86_64 | 2.0.5 | 175.00 | NOTE | |||
r-release-windows-x86_64 | 2.0.5 | 57.00 | 388.00 | 445.00 | OK | |
r-oldrel-macos-arm64 | 2.0.5 | 130.00 | NOTE | |||
r-oldrel-macos-x86_64 | 2.0.5 | 182.00 | NOTE | |||
r-oldrel-windows-ix86+x86_64 | 2.0.5 | 45.00 | 388.00 | 433.00 | OK |
Version: 2.0.5
Check: dependencies in R code
Result: NOTE
Namespaces in Imports field not imported from:
‘class’ ‘mlbench’ ‘neuralnet’ ‘rpart’
All declared Imports should be used.
Flavors: r-devel-linux-x86_64-fedora-clang, r-devel-linux-x86_64-fedora-gcc, r-release-macos-arm64, r-release-macos-x86_64, r-oldrel-macos-arm64, r-oldrel-macos-x86_64