Last updated on 2023-02-04 08:01:14 CET.
Flavor | Version | Tinstall | Tcheck | Ttotal | Status | Flags |
---|---|---|---|---|---|---|
r-devel-linux-x86_64-debian-clang | 0.3.8 | 103.41 | 67.45 | 170.86 | WARN | |
r-devel-linux-x86_64-debian-gcc | 0.3.8 | 90.65 | 51.42 | 142.07 | WARN | |
r-devel-linux-x86_64-fedora-clang | 0.3.8 | 269.00 | WARN | |||
r-devel-linux-x86_64-fedora-gcc | 0.3.8 | 283.74 | WARN | |||
r-devel-windows-x86_64 | 0.3.8 | 113.00 | 127.00 | 240.00 | NOTE | |
r-patched-linux-x86_64 | 0.3.8 | 90.09 | 65.61 | 155.70 | NOTE | |
r-release-linux-x86_64 | 0.3.8 | 77.20 | 71.45 | 148.65 | NOTE | |
r-release-macos-arm64 | 0.3.8 | 69.00 | NOTE | |||
r-release-macos-x86_64 | 0.3.8 | 124.00 | NOTE | |||
r-release-windows-x86_64 | 0.3.8 | 101.00 | 154.00 | 255.00 | NOTE | |
r-oldrel-macos-arm64 | 0.3.8 | 116.00 | NOTE | |||
r-oldrel-macos-x86_64 | 0.3.8 | 94.00 | NOTE | |||
r-oldrel-windows-ix86+x86_64 | 0.3.8 | 249.00 | 150.00 | 399.00 | NOTE |
Version: 0.3.8
Check: whether package can be installed
Result: WARN
Found the following significant warnings:
init.c:20:31: warning: a function declaration without a prototype is deprecated in all versions of C [-Wstrict-prototypes]
See ‘/home/hornik/tmp/R.check/r-devel-clang/Work/PKGS/FSelectorRcpp.Rcheck/00install.out’ for details.
* used C compiler: ‘Debian clang version 15.0.6’
* used C++ compiler: ‘Debian clang version 15.0.6’
Flavor: r-devel-linux-x86_64-debian-clang
Version: 0.3.8
Check: C++ specification
Result: NOTE
Specified C++11: please update to current default of C++17
Flavors: r-devel-linux-x86_64-debian-clang, r-devel-linux-x86_64-debian-gcc, r-devel-linux-x86_64-fedora-clang, r-devel-linux-x86_64-fedora-gcc, r-devel-windows-x86_64
Version: 0.3.8
Check: LazyData
Result: NOTE
'LazyData' is specified without a 'data' directory
Flavors: r-devel-linux-x86_64-debian-clang, r-devel-linux-x86_64-debian-gcc, r-devel-linux-x86_64-fedora-clang, r-devel-linux-x86_64-fedora-gcc, r-devel-windows-x86_64, r-patched-linux-x86_64, r-release-linux-x86_64, r-release-macos-arm64, r-release-macos-x86_64, r-release-windows-x86_64, r-oldrel-macos-arm64, r-oldrel-macos-x86_64, r-oldrel-windows-ix86+x86_64
Version: 0.3.8
Check: whether package can be installed
Result: WARN
Found the following significant warnings:
init.c:20:1: warning: function declaration isn’t a prototype [-Wstrict-prototypes]
See ‘/home/hornik/tmp/R.check/r-devel-gcc/Work/PKGS/FSelectorRcpp.Rcheck/00install.out’ for details.
* used C compiler: ‘gcc-12 (Debian 12.2.0-14) 12.2.0’
* used C++ compiler: ‘g++-12 (Debian 12.2.0-14) 12.2.0’
Flavor: r-devel-linux-x86_64-debian-gcc
Version: 0.3.8
Check: whether package can be installed
Result: WARN
Found the following significant warnings:
init.c:20:31: warning: a function declaration without a prototype is deprecated in all versions of C [-Wstrict-prototypes]
See ‘/data/gannet/ripley/R/packages/tests-clang/FSelectorRcpp.Rcheck/00install.out’ for details.
* used C compiler: ‘clang version 15.0.7’
* used C++ compiler: ‘clang version 15.0.7’
Flavor: r-devel-linux-x86_64-fedora-clang
Version: 0.3.8
Check: whether package can be installed
Result: WARN
Found the following significant warnings:
init.c:20:1: warning: function declaration isn’t a prototype [-Wstrict-prototypes]
See ‘/data/gannet/ripley/R/packages/tests-devel/FSelectorRcpp.Rcheck/00install.out’ for details.
* used C compiler: ‘gcc (GCC) 12.2.1 20221121 (Red Hat 12.2.1-4)’
* used C++ compiler: ‘g++ (GCC) 12.2.1 20221121 (Red Hat 12.2.1-4)’
Flavor: r-devel-linux-x86_64-fedora-gcc
Version: 0.3.8
Check: package dependencies
Result: NOTE
Package suggested but not available for checking: ‘RTCGA.rnaseq’
Flavors: r-release-macos-arm64, r-oldrel-macos-arm64, r-oldrel-macos-x86_64
Version: 0.3.8
Check: installed package size
Result: NOTE
installed size is 9.9Mb
sub-directories of 1Mb or more:
libs 9.6Mb
Flavors: r-release-macos-arm64, r-release-macos-x86_64, r-oldrel-macos-arm64, r-oldrel-macos-x86_64
Version: 0.3.8
Check: package dependencies
Result: NOTE
Packages suggested but not available for checking:
'RWeka', 'FSelector', 'RTCGA.rnaseq'
Flavor: r-release-macos-x86_64
Version: 0.3.8
Check: Rd cross-references
Result: NOTE
Package unavailable to check Rd xrefs: ‘FSelector’
Flavor: r-release-macos-x86_64