CRAN Package Check Results for Package FRESHD

Last updated on 2024-02-23 07:52:09 CET.

Flavor Version Tinstall Tcheck Ttotal Status Flags
r-devel-linux-x86_64-debian-clang 1.0 NOTE
r-devel-linux-x86_64-debian-gcc 1.0 50.96 33.06 84.02 NOTE
r-devel-linux-x86_64-fedora-clang 1.0 145.45 NOTE
r-devel-linux-x86_64-fedora-gcc 1.0 154.92 NOTE
r-devel-windows-x86_64 1.0 48.00 81.00 129.00 NOTE
r-patched-linux-x86_64 1.0 62.43 42.40 104.83 NOTE
r-release-linux-x86_64 1.0 59.90 41.72 101.62 NOTE
r-release-macos-arm64 1.0 46.00 NOTE
r-release-macos-x86_64 1.0 67.00 NOTE
r-release-windows-x86_64 1.0 60.00 90.00 150.00 NOTE
r-oldrel-macos-arm64 1.0 45.00 NOTE
r-oldrel-windows-x86_64 1.0 61.00 86.00 147.00 OK

Check Details

Version: 1.0
Check: C++ specification
Result: NOTE Specified C++11: please drop specification unless essential Flavors: r-devel-linux-x86_64-debian-clang, r-devel-linux-x86_64-debian-gcc, r-devel-linux-x86_64-fedora-clang, r-devel-linux-x86_64-fedora-gcc, r-devel-windows-x86_64, r-patched-linux-x86_64, r-release-linux-x86_64, r-release-macos-arm64, r-release-macos-x86_64, r-release-windows-x86_64

Version: 1.0
Check: Rd files
Result: NOTE checkRd: (-1) maximin.Rd:197: Lost braces 197 | Meinshausen, N and P. B{u}hlmann (2015). Maximin effects in inhomogeneous large-scale data. | ^ Flavors: r-devel-linux-x86_64-debian-clang, r-devel-linux-x86_64-debian-gcc, r-devel-linux-x86_64-fedora-clang, r-devel-linux-x86_64-fedora-gcc

Version: 1.0
Check: installed package size
Result: NOTE installed size is 8.4Mb sub-directories of 1Mb or more: libs 8.3Mb Flavors: r-release-macos-arm64, r-release-macos-x86_64, r-oldrel-macos-arm64