Last updated on 2023-02-04 08:01:14 CET.
Flavor | Version | Tinstall | Tcheck | Ttotal | Status | Flags |
---|---|---|---|---|---|---|
r-devel-linux-x86_64-debian-clang | 1.0 | 60.13 | 40.96 | 101.09 | NOTE | |
r-devel-linux-x86_64-debian-gcc | 1.0 | 51.34 | 33.16 | 84.50 | NOTE | |
r-devel-linux-x86_64-fedora-clang | 1.0 | 141.80 | NOTE | |||
r-devel-linux-x86_64-fedora-gcc | 1.0 | 133.42 | NOTE | |||
r-devel-windows-x86_64 | 1.0 | 53.00 | 93.00 | 146.00 | NOTE | |
r-patched-linux-x86_64 | 1.0 | 55.51 | 41.60 | 97.11 | OK | |
r-release-linux-x86_64 | 1.0 | 54.11 | 40.51 | 94.62 | OK | |
r-release-macos-arm64 | 1.0 | 44.00 | NOTE | |||
r-release-macos-x86_64 | 1.0 | 54.00 | NOTE | |||
r-release-windows-x86_64 | 1.0 | 50.00 | 99.00 | 149.00 | OK | |
r-oldrel-macos-arm64 | 1.0 | 50.00 | NOTE | |||
r-oldrel-macos-x86_64 | 1.0 | 53.00 | NOTE | |||
r-oldrel-windows-ix86+x86_64 | 1.0 | 145.00 | 123.00 | 268.00 | OK |
Version: 1.0
Check: C++ specification
Result: NOTE
Specified C++11: please update to current default of C++17
Flavors: r-devel-linux-x86_64-debian-clang, r-devel-linux-x86_64-debian-gcc, r-devel-linux-x86_64-fedora-clang, r-devel-linux-x86_64-fedora-gcc, r-devel-windows-x86_64
Version: 1.0
Check: installed package size
Result: NOTE
installed size is 8.3Mb
sub-directories of 1Mb or more:
libs 8.2Mb
Flavors: r-release-macos-arm64, r-release-macos-x86_64, r-oldrel-macos-arm64, r-oldrel-macos-x86_64