Last updated on 2023-02-04 08:01:13 CET.
Flavor | Version | Tinstall | Tcheck | Ttotal | Status | Flags |
---|---|---|---|---|---|---|
r-devel-linux-x86_64-debian-clang | 1.0 | 35.97 | 32.98 | 68.95 | NOTE | |
r-devel-linux-x86_64-debian-gcc | 1.0 | 31.61 | 24.91 | 56.52 | NOTE | |
r-devel-linux-x86_64-fedora-clang | 1.0 | 98.32 | NOTE | |||
r-devel-linux-x86_64-fedora-gcc | 1.0 | 90.10 | NOTE | |||
r-devel-windows-x86_64 | 1.0 | 35.00 | 81.00 | 116.00 | NOTE | |
r-patched-linux-x86_64 | 1.0 | 31.26 | 31.49 | 62.75 | OK | |
r-release-linux-x86_64 | 1.0 | 28.76 | 33.19 | 61.95 | OK | |
r-release-macos-arm64 | 1.0 | 31.00 | OK | |||
r-release-macos-x86_64 | 1.0 | 37.00 | OK | |||
r-release-windows-x86_64 | 1.0 | 35.00 | 96.00 | 131.00 | OK | |
r-oldrel-macos-arm64 | 1.0 | 31.00 | OK | |||
r-oldrel-macos-x86_64 | 1.0 | 48.00 | OK | |||
r-oldrel-windows-ix86+x86_64 | 1.0 | 90.00 | 95.00 | 185.00 | OK |
Version: 1.0
Check: C++ specification
Result: NOTE
Specified C++11: please update to current default of C++17
Flavors: r-devel-linux-x86_64-debian-clang, r-devel-linux-x86_64-debian-gcc, r-devel-linux-x86_64-fedora-clang, r-devel-linux-x86_64-fedora-gcc, r-devel-windows-x86_64