Last updated on 2023-02-06 06:51:55 CET.
Flavor | Version | Tinstall | Tcheck | Ttotal | Status | Flags |
---|---|---|---|---|---|---|
r-devel-linux-x86_64-debian-clang | 9.1.1 | 365.68 | 61.50 | 427.18 | NOTE | |
r-devel-linux-x86_64-debian-gcc | 9.1.1 | 325.38 | 47.34 | 372.72 | NOTE | |
r-devel-linux-x86_64-fedora-clang | 9.1.1 | 643.11 | NOTE | |||
r-devel-linux-x86_64-fedora-gcc | 9.1.1 | 647.42 | NOTE | |||
r-devel-windows-x86_64 | 9.1.1 | 295.00 | 121.00 | 416.00 | NOTE | |
r-patched-linux-x86_64 | 9.1.1 | 329.83 | 59.35 | 389.18 | NOTE | |
r-release-linux-x86_64 | 9.1.1 | 329.32 | 55.65 | 384.97 | NOTE | |
r-release-macos-arm64 | 9.1.1 | 184.00 | NOTE | |||
r-release-macos-x86_64 | 9.1.1 | 110.00 | ERROR | |||
r-release-windows-x86_64 | 9.1.1 | 398.00 | 125.00 | 523.00 | NOTE | |
r-oldrel-macos-arm64 | 9.1.1 | 178.00 | NOTE | |||
r-oldrel-macos-x86_64 | 9.1.1 | 111.00 | ERROR | |||
r-oldrel-windows-ix86+x86_64 | 9.1.1 | 841.00 | 129.00 | 970.00 | NOTE |
Version: 9.1.1
Check: C++ specification
Result: NOTE
Specified C++11: please update to current default of C++17
Flavors: r-devel-linux-x86_64-debian-clang, r-devel-linux-x86_64-debian-gcc, r-devel-linux-x86_64-fedora-clang, r-devel-linux-x86_64-fedora-gcc, r-devel-windows-x86_64
Version: 9.1.1
Check: for GNU extensions in Makefiles
Result: NOTE
GNU make is a SystemRequirements.
Flavors: r-devel-linux-x86_64-debian-clang, r-devel-linux-x86_64-debian-gcc, r-devel-linux-x86_64-fedora-clang, r-devel-linux-x86_64-fedora-gcc, r-devel-windows-x86_64, r-patched-linux-x86_64, r-release-linux-x86_64, r-release-macos-arm64, r-release-windows-x86_64, r-oldrel-macos-arm64, r-oldrel-windows-ix86+x86_64
Version: 9.1.1
Check: installed package size
Result: NOTE
installed size is 26.0Mb
sub-directories of 1Mb or more:
libs 25.7Mb
Flavors: r-release-macos-arm64, r-oldrel-macos-arm64, r-oldrel-windows-ix86+x86_64
Version: 9.1.1
Check: whether package can be installed
Result: ERROR
Installation failed.
Flavors: r-release-macos-x86_64, r-oldrel-macos-x86_64