Last updated on 2023-09-21 07:54:53 CEST.
Flavor | Version | Tinstall | Tcheck | Ttotal | Status | Flags |
---|---|---|---|---|---|---|
r-devel-linux-x86_64-debian-clang | 0.2.4 | 4.18 | 38.76 | 42.94 | NOTE | |
r-devel-linux-x86_64-debian-gcc | 0.2.4 | 3.15 | 29.31 | 32.46 | NOTE | |
r-devel-linux-x86_64-fedora-clang | 0.2.4 | 53.35 | NOTE | |||
r-devel-linux-x86_64-fedora-gcc | 0.2.4 | 62.93 | NOTE | |||
r-devel-windows-x86_64 | 0.2.4 | 6.00 | 54.00 | 60.00 | NOTE | |
r-patched-linux-x86_64 | 0.2.4 | 4.37 | 36.95 | 41.32 | OK | |
r-release-linux-x86_64 | 0.2.4 | 3.40 | 37.67 | 41.07 | OK | |
r-release-macos-arm64 | 0.2.4 | 26.00 | OK | |||
r-release-macos-x86_64 | 0.2.4 | 41.00 | OK | |||
r-release-windows-x86_64 | 0.2.4 | 8.00 | 57.00 | 65.00 | OK | |
r-oldrel-macos-arm64 | 0.2.4 | 23.00 | OK | |||
r-oldrel-macos-x86_64 | 0.2.4 | 34.00 | OK | |||
r-oldrel-windows-x86_64 | 0.2.4 | 9.00 | 58.00 | 67.00 | OK |
Version: 0.2.4
Check: package namespace information
Result: NOTE
Found export directive that requires package ‘methods’:
‘exportClasses’
Remove all such namespace directives (if obsolete) or ensure that the
DESCRIPTION Depends or Imports field contains ‘methods’.
Flavors: r-devel-linux-x86_64-debian-clang, r-devel-linux-x86_64-debian-gcc, r-devel-linux-x86_64-fedora-clang, r-devel-linux-x86_64-fedora-gcc, r-devel-windows-x86_64