Last updated on 2023-02-06 06:51:55 CET.
Flavor | Version | Tinstall | Tcheck | Ttotal | Status | Flags |
---|---|---|---|---|---|---|
r-devel-linux-x86_64-debian-clang | 0.0.6 | 40.94 | 109.72 | 150.66 | NOTE | |
r-devel-linux-x86_64-debian-gcc | 0.0.6 | 38.36 | 72.83 | 111.19 | NOTE | |
r-devel-linux-x86_64-fedora-clang | 0.0.6 | 191.56 | NOTE | |||
r-devel-linux-x86_64-fedora-gcc | 0.0.6 | 197.93 | NOTE | |||
r-devel-windows-x86_64 | 0.0.6 | 45.00 | 157.00 | 202.00 | NOTE | |
r-patched-linux-x86_64 | 0.0.6 | 42.08 | 107.34 | 149.42 | NOTE | |
r-release-linux-x86_64 | 0.0.6 | 35.60 | 107.00 | 142.60 | NOTE | |
r-release-macos-arm64 | 0.0.6 | 55.00 | NOTE | |||
r-release-macos-x86_64 | 0.0.6 | 68.00 | NOTE | |||
r-release-windows-x86_64 | 0.0.6 | 48.00 | 171.00 | 219.00 | NOTE | |
r-oldrel-macos-arm64 | 0.0.6 | 61.00 | NOTE | |||
r-oldrel-macos-x86_64 | 0.0.6 | 100.00 | NOTE | |||
r-oldrel-windows-ix86+x86_64 | 0.0.6 | 100.00 | 172.00 | 272.00 | NOTE |
Version: 0.0.6
Check: C++ specification
Result: NOTE
Specified C++11: please update to current default of C++17
Flavors: r-devel-linux-x86_64-debian-clang, r-devel-linux-x86_64-debian-gcc, r-devel-linux-x86_64-fedora-clang, r-devel-linux-x86_64-fedora-gcc, r-devel-windows-x86_64
Version: 0.0.6
Check: LazyData
Result: NOTE
'LazyData' is specified without a 'data' directory
Flavors: r-devel-linux-x86_64-debian-clang, r-devel-linux-x86_64-debian-gcc, r-devel-linux-x86_64-fedora-clang, r-devel-linux-x86_64-fedora-gcc, r-devel-windows-x86_64, r-patched-linux-x86_64, r-release-linux-x86_64, r-release-macos-arm64, r-release-macos-x86_64, r-release-windows-x86_64, r-oldrel-macos-arm64, r-oldrel-macos-x86_64, r-oldrel-windows-ix86+x86_64
Version: 0.0.6
Check: dependencies in R code
Result: NOTE
Namespaces in Imports field not imported from:
‘MASS’ ‘XML’ ‘gglasso’ ‘methods’
All declared Imports should be used.
Flavors: r-devel-linux-x86_64-fedora-clang, r-devel-linux-x86_64-fedora-gcc, r-release-macos-arm64, r-release-macos-x86_64, r-oldrel-macos-arm64, r-oldrel-macos-x86_64
Version: 0.0.6
Check: installed package size
Result: NOTE
installed size is 9.9Mb
sub-directories of 1Mb or more:
libs 9.0Mb
Flavors: r-release-macos-arm64, r-release-macos-x86_64, r-oldrel-macos-arm64, r-oldrel-macos-x86_64