Last updated on 2023-06-01 07:57:00 CEST.
Flavor | Version | Tinstall | Tcheck | Ttotal | Status | Flags |
---|---|---|---|---|---|---|
r-devel-linux-x86_64-debian-clang | 1.1.2 | 8.45 | 81.64 | 90.09 | NOTE | |
r-devel-linux-x86_64-debian-gcc | 1.1.2 | 7.61 | 62.43 | 70.04 | NOTE | |
r-devel-linux-x86_64-fedora-clang | 1.1.2 | 114.54 | NOTE | |||
r-devel-linux-x86_64-fedora-gcc | 1.1.2 | 109.63 | NOTE | |||
r-devel-windows-x86_64 | 1.1.2 | 9.00 | 85.00 | 94.00 | NOTE | |
r-patched-linux-x86_64 | 1.1.2 | NOTE | ||||
r-release-linux-x86_64 | 1.1.2 | 9.10 | 77.94 | 87.04 | NOTE | |
r-release-macos-arm64 | 1.1.2 | 37.00 | NOTE | |||
r-release-macos-x86_64 | 1.1.2 | 58.00 | NOTE | |||
r-release-windows-x86_64 | 1.1.2 | 10.00 | 93.00 | 103.00 | NOTE | |
r-oldrel-macos-arm64 | 1.1.2 | 28.00 | NOTE | |||
r-oldrel-macos-x86_64 | 1.1.2 | 47.00 | NOTE | |||
r-oldrel-windows-x86_64 | 1.1.2 | 11.00 | 93.00 | 104.00 | NOTE |
Version: 1.1.2
Check: LazyData
Result: NOTE
'LazyData' is specified without a 'data' directory
Flavors: r-devel-linux-x86_64-debian-clang, r-devel-linux-x86_64-debian-gcc, r-devel-linux-x86_64-fedora-clang, r-devel-linux-x86_64-fedora-gcc, r-devel-windows-x86_64, r-patched-linux-x86_64, r-release-linux-x86_64, r-release-macos-arm64, r-release-macos-x86_64, r-release-windows-x86_64, r-oldrel-macos-arm64, r-oldrel-macos-x86_64, r-oldrel-windows-x86_64