Last updated on 2023-01-28 07:14:54 CET.
Flavor | Version | Tinstall | Tcheck | Ttotal | Status | Flags |
---|---|---|---|---|---|---|
r-devel-linux-x86_64-debian-clang | 1.5 | 8.50 | 87.70 | 96.20 | OK | |
r-devel-linux-x86_64-debian-gcc | 1.5 | 7.80 | 64.83 | 72.63 | OK | |
r-devel-linux-x86_64-fedora-clang | 1.5 | 120.27 | NOTE | |||
r-devel-linux-x86_64-fedora-gcc | 1.5 | 117.23 | OK | |||
r-devel-windows-x86_64 | 1.5 | 21.00 | 115.00 | 136.00 | OK | |
r-patched-linux-x86_64 | 1.5 | 10.67 | 84.45 | 95.12 | OK | |
r-release-linux-x86_64 | 1.5 | 8.51 | 84.04 | 92.55 | OK | |
r-release-macos-arm64 | 1.5 | 38.00 | OK | |||
r-release-macos-x86_64 | 1.5 | 52.00 | OK | |||
r-release-windows-x86_64 | 1.5 | 19.00 | 125.00 | 144.00 | OK | |
r-oldrel-macos-arm64 | 1.5 | 49.00 | OK | |||
r-oldrel-macos-x86_64 | 1.5 | 74.00 | OK | |||
r-oldrel-windows-ix86+x86_64 | 1.5 | 20.00 | 110.00 | 130.00 | OK |
Version: 1.5
Check: Rd cross-references
Result: NOTE
Undeclared packages ‘MLEcens’, ‘Icens’ in Rd xrefs
Flavor: r-devel-linux-x86_64-fedora-clang