Last updated on 2023-06-01 07:57:00 CEST.
Flavor | Version | Tinstall | Tcheck | Ttotal | Status | Flags |
---|---|---|---|---|---|---|
r-devel-linux-x86_64-debian-clang | 1.0-12.1 | 12.42 | 110.02 | 122.44 | NOTE | |
r-devel-linux-x86_64-debian-gcc | 1.0-12.1 | 10.55 | 83.07 | 93.62 | NOTE | |
r-devel-linux-x86_64-fedora-clang | 1.0-12.1 | 152.15 | NOTE | |||
r-devel-linux-x86_64-fedora-gcc | 1.0-12.1 | 146.30 | NOTE | |||
r-devel-windows-x86_64 | 1.0-12.1 | 13.00 | 96.00 | 109.00 | OK | |
r-patched-linux-x86_64 | 1.0-12.1 | NOTE | ||||
r-release-linux-x86_64 | 1.0-12.1 | 12.77 | 105.94 | 118.71 | NOTE | |
r-release-macos-arm64 | 1.0-12.1 | 46.00 | OK | |||
r-release-macos-x86_64 | 1.0-12.1 | 76.00 | OK | |||
r-release-windows-x86_64 | 1.0-12.1 | 17.00 | 116.00 | 133.00 | OK | |
r-oldrel-macos-arm64 | 1.0-12.1 | 43.00 | OK | |||
r-oldrel-macos-x86_64 | 1.0-12.1 | 69.00 | OK | |||
r-oldrel-windows-x86_64 | 1.0-12.1 | 15.00 | 119.00 | 134.00 | OK |
Version: 1.0-12.1
Check: for non-standard things in the check directory
Result: NOTE
Found the following files/directories:
‘vert.txt’
Flavors: r-devel-linux-x86_64-debian-clang, r-devel-linux-x86_64-debian-gcc, r-devel-linux-x86_64-fedora-clang, r-devel-linux-x86_64-fedora-gcc, r-patched-linux-x86_64, r-release-linux-x86_64
Version: 1.0-12.1
Check: compiled code
Result: NOTE
File ‘FD/libs/FD.so’:
Found no calls to: ‘R_registerRoutines’, ‘R_useDynamicSymbols’
It is good practice to register native routines and to disable symbol
search.
See ‘Writing portable packages’ in the ‘Writing R Extensions’ manual.
Flavors: r-devel-linux-x86_64-fedora-clang, r-devel-linux-x86_64-fedora-gcc