CRAN Package Check Results for Package FCPS

Last updated on 2025-04-24 07:50:06 CEST.

Flavor Version Tinstall Tcheck Ttotal Status Flags
r-devel-linux-x86_64-debian-clang 1.3.4 12.97 154.81 167.78 OK
r-devel-linux-x86_64-debian-gcc 1.3.4 8.32 106.41 114.73 OK
r-devel-linux-x86_64-fedora-clang 1.3.4 267.64 OK
r-devel-linux-x86_64-fedora-gcc 1.3.4 272.61 OK
r-devel-windows-x86_64 1.3.4 15.00 187.00 202.00 OK
r-patched-linux-x86_64 1.3.4 12.42 150.14 162.56 OK
r-release-linux-x86_64 1.3.4 10.83 146.82 157.65 OK
r-release-macos-arm64 1.3.4 126.00 OK
r-release-macos-x86_64 1.3.4 248.00 OK
r-release-windows-x86_64 1.3.4 15.00 195.00 210.00 OK
r-oldrel-macos-arm64 1.3.4 75.00 NOTE
r-oldrel-macos-x86_64 1.3.4 208.00 NOTE
r-oldrel-windows-x86_64 1.3.4 19.00 237.00 256.00 NOTE

Check Details

Version: 1.3.4
Check: installed package size
Result: NOTE installed size is 6.9Mb sub-directories of 1Mb or more: data 2.4Mb doc 3.9Mb Flavors: r-oldrel-macos-arm64, r-oldrel-macos-x86_64, r-oldrel-windows-x86_64