Last updated on 2023-02-01 06:56:10 CET.
Flavor | Version | Tinstall | Tcheck | Ttotal | Status | Flags |
---|---|---|---|---|---|---|
r-devel-linux-x86_64-debian-clang | 1.3.1 | 14.52 | 200.27 | 214.79 | OK | |
r-devel-linux-x86_64-debian-gcc | 1.3.1 | 11.57 | 141.90 | 153.47 | OK | |
r-devel-linux-x86_64-fedora-clang | 1.3.1 | 275.09 | NOTE | |||
r-devel-linux-x86_64-fedora-gcc | 1.3.1 | 278.32 | OK | |||
r-devel-windows-x86_64 | 1.3.1 | 57.00 | 268.00 | 325.00 | NOTE | |
r-patched-linux-x86_64 | 1.3.1 | 16.13 | 187.84 | 203.97 | OK | |
r-release-linux-x86_64 | 1.3.1 | 13.84 | 192.27 | 206.11 | OK | |
r-release-macos-arm64 | 1.3.1 | 79.00 | NOTE | |||
r-release-macos-x86_64 | 1.3.1 | 103.00 | NOTE | |||
r-release-windows-x86_64 | 1.3.1 | 56.00 | 304.00 | 360.00 | NOTE | |
r-oldrel-macos-arm64 | 1.3.1 | 83.00 | NOTE | |||
r-oldrel-macos-x86_64 | 1.3.1 | 106.00 | NOTE | |||
r-oldrel-windows-ix86+x86_64 | 1.3.1 | 33.00 | 252.00 | 285.00 | NOTE |
Version: 1.3.1
Check: installed package size
Result: NOTE
installed size is 6.9Mb
sub-directories of 1Mb or more:
data 2.4Mb
doc 3.9Mb
Flavors: r-devel-linux-x86_64-fedora-clang, r-devel-windows-x86_64, r-release-macos-arm64, r-release-macos-x86_64, r-release-windows-x86_64, r-oldrel-macos-arm64, r-oldrel-macos-x86_64, r-oldrel-windows-ix86+x86_64