CRAN Package Check Results for Package FBFsearch

Last updated on 2022-09-28 06:54:06 CEST.

Flavor Version Tinstall Tcheck Ttotal Status Flags
r-devel-linux-x86_64-debian-clang 1.2 27.13 34.79 61.92 OK
r-devel-linux-x86_64-debian-gcc 1.2 20.90 27.91 48.81 OK
r-devel-linux-x86_64-fedora-clang 1.2 93.62 OK
r-devel-linux-x86_64-fedora-gcc 1.2 87.25 OK
r-devel-windows-x86_64 1.2 29.00 84.00 113.00 OK
r-patched-linux-x86_64 1.2 23.02 34.15 57.17 OK
r-release-linux-x86_64 1.2 19.48 34.11 53.59 OK
r-release-macos-arm64 1.2 29.00 NOTE
r-release-macos-x86_64 1.2 39.00 NOTE
r-release-windows-x86_64 1.2 31.00 88.00 119.00 OK
r-oldrel-macos-arm64 1.2 32.00 NOTE
r-oldrel-macos-x86_64 1.2 56.00 NOTE
r-oldrel-windows-ix86+x86_64 1.2 70.00 93.00 163.00 NOTE

Check Details

Version: 1.2
Check: installed package size
Result: NOTE
     installed size is 5.9Mb
     sub-directories of 1Mb or more:
     data 3.5Mb
     libs 2.3Mb
Flavors: r-release-macos-arm64, r-release-macos-x86_64, r-oldrel-macos-arm64, r-oldrel-macos-x86_64, r-oldrel-windows-ix86+x86_64