Last updated on 2023-02-07 07:53:58 CET.
Flavor | Version | Tinstall | Tcheck | Ttotal | Status | Flags |
---|---|---|---|---|---|---|
r-devel-linux-x86_64-debian-clang | 0.2.0 | 2.27 | 54.40 | 56.67 | NOTE | |
r-devel-linux-x86_64-debian-gcc | 0.2.0 | 1.86 | 42.47 | 44.33 | NOTE | |
r-devel-linux-x86_64-fedora-clang | 0.2.0 | 72.65 | NOTE | |||
r-devel-linux-x86_64-fedora-gcc | 0.2.0 | 79.81 | NOTE | |||
r-devel-windows-x86_64 | 0.2.0 | 18.00 | 97.00 | 115.00 | NOTE | |
r-patched-linux-x86_64 | 0.2.0 | 2.84 | 52.97 | 55.81 | NOTE | |
r-release-linux-x86_64 | 0.2.0 | 2.14 | 54.46 | 56.60 | NOTE | |
r-release-macos-arm64 | 0.2.0 | 28.00 | NOTE | |||
r-release-macos-x86_64 | 0.2.0 | 50.00 | NOTE | |||
r-release-windows-x86_64 | 0.2.0 | 16.00 | 99.00 | 115.00 | NOTE | |
r-oldrel-macos-arm64 | 0.2.0 | 34.00 | NOTE | |||
r-oldrel-macos-x86_64 | 0.2.0 | 49.00 | NOTE | |||
r-oldrel-windows-ix86+x86_64 | 0.2.0 | 7.00 | 80.00 | 87.00 | NOTE |
Version: 0.2.0
Check: LazyData
Result: NOTE
'LazyData' is specified without a 'data' directory
Flavors: r-devel-linux-x86_64-debian-clang, r-devel-linux-x86_64-debian-gcc, r-devel-linux-x86_64-fedora-clang, r-devel-linux-x86_64-fedora-gcc, r-devel-windows-x86_64, r-patched-linux-x86_64, r-release-linux-x86_64, r-release-macos-arm64, r-release-macos-x86_64, r-release-windows-x86_64, r-oldrel-macos-arm64, r-oldrel-macos-x86_64, r-oldrel-windows-ix86+x86_64