Last updated on 2023-02-03 06:50:15 CET.
Flavor | Version | Tinstall | Tcheck | Ttotal | Status | Flags |
---|---|---|---|---|---|---|
r-devel-linux-x86_64-debian-clang | 1.0.1 | 59.61 | 28.54 | 88.15 | NOTE | |
r-devel-linux-x86_64-debian-gcc | 1.0.1 | 45.34 | 22.19 | 67.53 | NOTE | |
r-devel-linux-x86_64-fedora-clang | 1.0.1 | 134.58 | NOTE | |||
r-devel-linux-x86_64-fedora-gcc | 1.0.1 | 108.57 | NOTE | |||
r-patched-linux-x86_64 | 1.0.1 | 48.05 | 28.47 | 76.52 | OK | |
r-release-linux-x86_64 | 1.0.1 | 51.95 | 29.19 | 81.14 | OK | |
r-release-macos-arm64 | 1.0.1 | 33.00 | OK | |||
r-release-macos-x86_64 | 1.0.1 | 43.00 | OK | |||
r-release-windows-x86_64 | 1.0.1 | 65.00 | 80.00 | 145.00 | OK | |
r-oldrel-macos-arm64 | 1.0.1 | 37.00 | OK | |||
r-oldrel-macos-x86_64 | 1.0.1 | 66.00 | OK | |||
r-oldrel-windows-ix86+x86_64 | 1.0.1 | 155.00 | 77.00 | 232.00 | OK |
Version: 1.0.1
Check: C++ specification
Result: NOTE
Specified C++11: please update to current default of C++17
Flavors: r-devel-linux-x86_64-debian-clang, r-devel-linux-x86_64-debian-gcc, r-devel-linux-x86_64-fedora-clang, r-devel-linux-x86_64-fedora-gcc