Last updated on 2023-06-05 07:52:52 CEST.
Flavor | Version | Tinstall | Tcheck | Ttotal | Status | Flags |
---|---|---|---|---|---|---|
r-devel-linux-x86_64-debian-clang | 3.2 | 6.50 | 41.56 | 48.06 | NOTE | |
r-devel-linux-x86_64-debian-gcc | 3.2 | 3.77 | 31.27 | 35.04 | NOTE | |
r-devel-linux-x86_64-fedora-clang | 3.2 | 59.75 | NOTE | |||
r-devel-linux-x86_64-fedora-gcc | 3.2 | 56.74 | NOTE | |||
r-devel-windows-x86_64 | 3.2 | 6.00 | 49.00 | 55.00 | NOTE | |
r-patched-linux-x86_64 | 3.2 | 5.98 | 40.51 | 46.49 | NOTE | |
r-release-linux-x86_64 | 3.2 | 5.33 | 40.49 | 45.82 | NOTE | |
r-release-macos-arm64 | 3.2 | 22.00 | NOTE | |||
r-release-macos-x86_64 | 3.2 | 30.00 | NOTE | |||
r-release-windows-x86_64 | 3.2 | 8.00 | 63.00 | 71.00 | NOTE | |
r-oldrel-macos-arm64 | 3.2 | 22.00 | NOTE | |||
r-oldrel-macos-x86_64 | 3.2 | 42.00 | NOTE | |||
r-oldrel-windows-x86_64 | 3.2 | 13.00 | 87.00 | 100.00 | NOTE |
Version: 3.2
Check: package dependencies
Result: NOTE
Package suggested but not available for checking: ‘ExactData’
Flavors: r-devel-linux-x86_64-debian-clang, r-devel-linux-x86_64-debian-gcc, r-devel-linux-x86_64-fedora-clang, r-devel-linux-x86_64-fedora-gcc, r-devel-windows-x86_64, r-patched-linux-x86_64, r-release-linux-x86_64, r-release-macos-arm64, r-release-macos-x86_64, r-release-windows-x86_64, r-oldrel-macos-arm64, r-oldrel-macos-x86_64, r-oldrel-windows-x86_64