CRAN Package Check Results for Package ExGaussEstim

Last updated on 2024-07-14 06:54:22 CEST.

Flavor Version Tinstall Tcheck Ttotal Status Flags
r-devel-linux-x86_64-debian-clang 0.1.2 8.08 65.40 73.48 OK
r-devel-linux-x86_64-debian-gcc 0.1.2 6.00 52.31 58.31 OK
r-devel-linux-x86_64-fedora-clang 0.1.2 95.27 NOTE
r-devel-linux-x86_64-fedora-gcc 0.1.2 91.64 NOTE
r-devel-windows-x86_64 0.1.2 8.00 63.00 71.00 OK
r-patched-linux-x86_64 0.1.2 7.18 61.25 68.43 OK
r-release-linux-x86_64 0.1.2 6.81 60.81 67.62 OK
r-release-macos-arm64 0.1.2 31.00 OK
r-release-macos-x86_64 0.1.2 42.00 OK
r-release-windows-x86_64 0.1.2 7.00 64.00 71.00 OK
r-oldrel-macos-arm64 0.1.2 34.00 OK
r-oldrel-macos-x86_64 0.1.2 59.00 OK
r-oldrel-windows-x86_64 0.1.2 9.00 76.00 85.00 OK

Check Details

Version: 0.1.2
Check: dependencies in R code
Result: NOTE Namespace in Imports field not imported from: ‘gamlss.dist’ All declared Imports should be used. Flavors: r-devel-linux-x86_64-fedora-clang, r-devel-linux-x86_64-fedora-gcc