Last updated on 2023-05-31 07:57:30 CEST.
Flavor | Version | Tinstall | Tcheck | Ttotal | Status | Flags |
---|---|---|---|---|---|---|
r-devel-linux-x86_64-debian-clang | 1.1.0 | 96.68 | 174.77 | 271.45 | OK | |
r-devel-linux-x86_64-debian-gcc | 1.1.0 | 76.11 | 131.93 | 208.04 | OK | |
r-devel-linux-x86_64-fedora-clang | 1.1.0 | 368.41 | OK | |||
r-devel-linux-x86_64-fedora-gcc | 1.1.0 | 386.61 | OK | |||
r-devel-windows-x86_64 | 1.1.0 | 71.00 | 181.00 | 252.00 | OK | |
r-patched-linux-x86_64 | 1.1.0 | 75.93 | 161.95 | 237.88 | OK | |
r-release-linux-x86_64 | 1.1.0 | 83.95 | 162.82 | 246.77 | OK | |
r-release-macos-arm64 | 1.1.0 | 105.00 | NOTE | |||
r-release-macos-x86_64 | 1.1.0 | 165.00 | NOTE | |||
r-release-windows-x86_64 | 1.1.0 | 97.00 | 213.00 | 310.00 | OK | |
r-oldrel-macos-arm64 | 1.1.0 | 97.00 | NOTE | |||
r-oldrel-macos-x86_64 | 1.1.0 | 128.00 | NOTE | |||
r-oldrel-windows-x86_64 | 1.1.0 | 95.00 | 220.00 | 315.00 | OK |
Version: 1.1.0
Check: installed package size
Result: NOTE
installed size is 6.2Mb
sub-directories of 1Mb or more:
doc 2.7Mb
libs 3.2Mb
Flavors: r-release-macos-arm64, r-release-macos-x86_64, r-oldrel-macos-arm64, r-oldrel-macos-x86_64