Last updated on 2023-02-04 08:01:11 CET.
Flavor | Version | Tinstall | Tcheck | Ttotal | Status | Flags |
---|---|---|---|---|---|---|
r-devel-linux-x86_64-debian-clang | 2.7.0 | 78.78 | 560.80 | 639.58 | NOTE | |
r-devel-linux-x86_64-debian-gcc | 2.7.0 | 52.47 | 394.49 | 446.96 | NOTE | |
r-devel-linux-x86_64-fedora-clang | 2.7.0 | 768.16 | NOTE | |||
r-devel-linux-x86_64-fedora-gcc | 2.7.0 | 750.69 | NOTE | |||
r-devel-windows-x86_64 | 2.7.0 | 427.00 | 743.00 | 1170.00 | NOTE | |
r-patched-linux-x86_64 | 2.7.0 | 96.54 | 474.61 | 571.15 | OK | |
r-release-linux-x86_64 | 2.7.0 | 67.31 | 482.81 | 550.12 | OK | |
r-release-macos-arm64 | 2.7.0 | 143.00 | NOTE | |||
r-release-macos-x86_64 | 2.7.0 | 202.00 | NOTE | |||
r-release-windows-x86_64 | 2.7.0 | 525.00 | 702.00 | 1227.00 | NOTE | |
r-oldrel-macos-arm64 | 2.7.0 | 130.00 | NOTE | |||
r-oldrel-macos-x86_64 | 2.7.0 | 204.00 | NOTE | |||
r-oldrel-windows-ix86+x86_64 | 2.7.0 | 111.00 | 535.00 | 646.00 | NOTE |
Version: 2.7.0
Check: Rd files
Result: NOTE
checkRd: (-1) calibrate.Rd:151: Escaped LaTeX specials: \&
checkRd: (-1) cdfCompareCensored.Rd:299: Escaped LaTeX specials: \&
checkRd: (-1) detectionLimitCalibrate.Rd:149: Escaped LaTeX specials: \&
checkRd: (-1) ecdfPlotCensored.Rd:169: Escaped LaTeX specials: \&
checkRd: (-1) egammaAltCensored.Rd:344: Escaped LaTeX specials: \&
checkRd: (-1) egammaCensored.Rd:340: Escaped LaTeX specials: \&
checkRd: (-1) elnormAltCensored.Rd:694: Escaped LaTeX specials: \&
checkRd: (-1) elnormCensored.Rd:270: Escaped LaTeX specials: \&
checkRd: (-1) enormCensored.Rd:852: Escaped LaTeX specials: \&
checkRd: (-1) enparCensored.Rd:343: Escaped LaTeX specials: \&
checkRd: (-1) enparCensored.Rd:358: Escaped LaTeX specials: \&
checkRd: (-1) epoisCensored.Rd:354: Escaped LaTeX specials: \&
checkRd: (-1) ppointsCensored.Rd:406: Escaped LaTeX specials: \&
checkRd: (-1) predIntGammaSimultaneous.Rd:170: Escaped LaTeX specials: \&
checkRd: (-1) predIntGammaSimultaneous.Rd:171: Escaped LaTeX specials: \&
checkRd: (-1) predIntLnormSimultaneous.Rd:136: Escaped LaTeX specials: \&
checkRd: (-1) predIntLnormSimultaneous.Rd:137: Escaped LaTeX specials: \&
checkRd: (-1) predIntNormSimultaneous.Rd:204: Escaped LaTeX specials: \&
checkRd: (-1) predIntNormSimultaneous.Rd:205: Escaped LaTeX specials: \&
checkRd: (-1) predIntNormSimultaneousK.Rd:277: Escaped LaTeX specials: \&
checkRd: (-1) predIntNormSimultaneousK.Rd:278: Escaped LaTeX specials: \&
checkRd: (-1) qqPlotCensored.Rd:261: Escaped LaTeX specials: \&
checkRd: (-1) twoSampleLinearRankTest.Rd:276: Escaped LaTeX specials: \&
checkRd: (-1) twoSampleLinearRankTestCensored.Rd:324: Escaped LaTeX specials: \&
checkRd: (-1) twoSampleLinearRankTestCensored.Rd:331: Escaped LaTeX specials: \&
Flavors: r-devel-linux-x86_64-debian-clang, r-devel-linux-x86_64-debian-gcc, r-devel-linux-x86_64-fedora-clang, r-devel-linux-x86_64-fedora-gcc, r-devel-windows-x86_64
Version: 2.7.0
Check: installed package size
Result: NOTE
installed size is 6.4Mb
sub-directories of 1Mb or more:
R 2.3Mb
help 3.4Mb
Flavors: r-devel-linux-x86_64-fedora-clang, r-devel-windows-x86_64, r-release-macos-arm64, r-release-macos-x86_64, r-release-windows-x86_64, r-oldrel-macos-arm64, r-oldrel-macos-x86_64, r-oldrel-windows-ix86+x86_64