Last updated on 2023-01-27 07:50:31 CET.
Flavor | Version | Tinstall | Tcheck | Ttotal | Status | Flags |
---|---|---|---|---|---|---|
r-devel-linux-x86_64-debian-clang | 1.0.4 | 17.62 | 151.40 | 169.02 | OK | |
r-devel-linux-x86_64-debian-gcc | 1.0.4 | 13.51 | 111.39 | 124.90 | OK | |
r-devel-linux-x86_64-fedora-clang | 1.0.4 | 205.90 | OK | |||
r-devel-linux-x86_64-fedora-gcc | 1.0.4 | 210.04 | OK | |||
r-devel-windows-x86_64 | 1.0.4 | 33.00 | 171.00 | 204.00 | OK | |
r-patched-linux-x86_64 | 1.0.4 | 14.29 | 142.65 | 156.94 | OK | |
r-release-linux-x86_64 | 1.0.4 | 16.30 | 140.57 | 156.87 | OK | |
r-release-macos-arm64 | 1.0.4 | 41.00 | NOTE | |||
r-release-macos-x86_64 | 1.0.4 | 60.00 | NOTE | |||
r-release-windows-x86_64 | 1.0.4 | 25.00 | 213.00 | 238.00 | OK | |
r-oldrel-macos-arm64 | 1.0.4 | 48.00 | NOTE | |||
r-oldrel-macos-x86_64 | 1.0.4 | 85.00 | NOTE | |||
r-oldrel-windows-ix86+x86_64 | 1.0.4 | 41.00 | 228.00 | 269.00 | OK |
Version: 1.0.4
Check: package dependencies
Result: NOTE
Package suggested but not available for checking: ‘Rmpi’
Flavors: r-release-macos-arm64, r-release-macos-x86_64, r-oldrel-macos-arm64, r-oldrel-macos-x86_64