Last updated on 2023-02-06 06:51:53 CET.
Flavor | Version | Tinstall | Tcheck | Ttotal | Status | Flags |
---|---|---|---|---|---|---|
r-devel-linux-x86_64-debian-clang | 0.665.6.3 | 36.27 | 409.31 | 445.58 | NOTE | |
r-devel-linux-x86_64-debian-gcc | 0.665.6.3 | 26.27 | 293.97 | 320.24 | NOTE | |
r-devel-linux-x86_64-fedora-clang | 0.665.6.3 | 542.90 | NOTE | |||
r-devel-linux-x86_64-fedora-gcc | 0.665.6.3 | 540.60 | NOTE | |||
r-devel-windows-x86_64 | 0.665.6.3 | 37.00 | 409.00 | 446.00 | OK | |
r-patched-linux-x86_64 | 0.665.6.3 | 32.79 | 395.74 | 428.53 | NOTE | |
r-release-linux-x86_64 | 0.665.6.3 | 32.69 | 406.23 | 438.92 | NOTE | |
r-release-macos-arm64 | 0.665.6.3 | 97.00 | OK | |||
r-release-macos-x86_64 | 0.665.6.3 | 157.00 | OK | |||
r-release-windows-x86_64 | 0.665.6.3 | 38.00 | 460.00 | 498.00 | OK | |
r-oldrel-macos-arm64 | 0.665.6.3 | 101.00 | OK | |||
r-oldrel-macos-x86_64 | 0.665.6.3 | 154.00 | OK | |||
r-oldrel-windows-ix86+x86_64 | 0.665.6.3 | 72.00 | 436.00 | 508.00 | OK |
Version: 0.665.6.3
Check: package dependencies
Result: NOTE
Package suggested but not available for checking: ‘osmar’
Flavors: r-devel-linux-x86_64-debian-clang, r-devel-linux-x86_64-debian-gcc, r-devel-linux-x86_64-fedora-clang, r-devel-linux-x86_64-fedora-gcc, r-patched-linux-x86_64, r-release-linux-x86_64