Last updated on 2023-01-28 07:14:53 CET.
Flavor | Version | Tinstall | Tcheck | Ttotal | Status | Flags |
---|---|---|---|---|---|---|
r-devel-linux-x86_64-debian-clang | 0.9.1 | 24.52 | 283.58 | 308.10 | NOTE | |
r-devel-linux-x86_64-debian-gcc | 0.9.1 | 17.87 | 205.19 | 223.06 | NOTE | |
r-devel-linux-x86_64-fedora-clang | 0.9.1 | 501.29 | NOTE | |||
r-devel-linux-x86_64-fedora-gcc | 0.9.1 | 373.73 | NOTE | |||
r-devel-windows-x86_64 | 0.9.1 | 25.00 | 436.00 | 461.00 | NOTE | |
r-patched-linux-x86_64 | 0.9.1 | 22.13 | 350.75 | 372.88 | NOTE | |
r-release-linux-x86_64 | 0.9.1 | 13.38 | 273.02 | 286.40 | NOTE | |
r-release-macos-arm64 | 0.9.1 | 140.00 | NOTE | |||
r-release-macos-x86_64 | 0.9.1 | 236.00 | NOTE | |||
r-release-windows-x86_64 | 0.9.1 | 26.00 | 455.00 | 481.00 | NOTE | |
r-oldrel-macos-arm64 | 0.9.1 | 157.00 | NOTE | |||
r-oldrel-macos-x86_64 | 0.9.1 | 273.00 | NOTE | |||
r-oldrel-windows-ix86+x86_64 | 0.9.1 | 46.00 | 419.00 | 465.00 | NOTE |
Version: 0.9.1
Check: LazyData
Result: NOTE
'LazyData' is specified without a 'data' directory
Flavors: r-devel-linux-x86_64-debian-clang, r-devel-linux-x86_64-debian-gcc, r-devel-linux-x86_64-fedora-clang, r-devel-linux-x86_64-fedora-gcc, r-devel-windows-x86_64, r-patched-linux-x86_64, r-release-linux-x86_64, r-release-macos-arm64, r-release-macos-x86_64, r-release-windows-x86_64, r-oldrel-macos-arm64, r-oldrel-macos-x86_64, r-oldrel-windows-ix86+x86_64