CRAN Package Check Results for Package Ecume

Last updated on 2024-03-03 08:52:31 CET.

Flavor Version Tinstall Tcheck Ttotal Status Flags
r-devel-linux-x86_64-debian-clang 0.9.1 20.11 357.22 377.33 NOTE
r-devel-linux-x86_64-debian-gcc 0.9.1 18.37 286.56 304.93 NOTE
r-devel-linux-x86_64-fedora-clang 0.9.1 492.47 NOTE
r-devel-linux-x86_64-fedora-gcc 0.9.1 368.85 NOTE
r-devel-windows-x86_64 0.9.1 18.00 293.00 311.00 NOTE
r-patched-linux-x86_64 0.9.1 20.23 265.32 285.55 NOTE
r-release-linux-x86_64 0.9.1 13.69 262.24 275.93 NOTE
r-release-macos-arm64 0.9.1 174.00 NOTE
r-release-macos-x86_64 0.9.1 209.00 NOTE
r-release-windows-x86_64 0.9.1 25.00 260.00 285.00 NOTE
r-oldrel-macos-arm64 0.9.1 140.00 NOTE
r-oldrel-windows-x86_64 0.9.1 23.00 374.00 397.00 NOTE

Check Details

Version: 0.9.1
Check: LazyData
Result: NOTE 'LazyData' is specified without a 'data' directory Flavors: r-devel-linux-x86_64-debian-clang, r-devel-linux-x86_64-debian-gcc, r-devel-linux-x86_64-fedora-clang, r-devel-linux-x86_64-fedora-gcc, r-devel-windows-x86_64, r-patched-linux-x86_64, r-release-linux-x86_64, r-release-macos-arm64, r-release-macos-x86_64, r-release-windows-x86_64, r-oldrel-macos-arm64, r-oldrel-windows-x86_64