Last updated on 2023-02-01 06:56:08 CET.
Flavor | Version | Tinstall | Tcheck | Ttotal | Status | Flags |
---|---|---|---|---|---|---|
r-devel-linux-x86_64-debian-clang | 0.2.3 | 5.75 | 111.26 | 117.01 | NOTE | |
r-devel-linux-x86_64-debian-gcc | 0.2.3 | 4.36 | 82.78 | 87.14 | NOTE | |
r-devel-linux-x86_64-fedora-clang | 0.2.3 | 151.71 | NOTE | |||
r-devel-linux-x86_64-fedora-gcc | 0.2.3 | 144.58 | NOTE | |||
r-devel-windows-x86_64 | 0.2.3 | 34.00 | 156.00 | 190.00 | NOTE | |
r-patched-linux-x86_64 | 0.2.3 | 5.34 | 106.95 | 112.29 | NOTE | |
r-release-linux-x86_64 | 0.2.3 | 4.15 | 107.83 | 111.98 | NOTE | |
r-release-macos-arm64 | 0.2.3 | 38.00 | NOTE | |||
r-release-macos-x86_64 | 0.2.3 | 59.00 | NOTE | |||
r-release-windows-x86_64 | 0.2.3 | 70.00 | 151.00 | 221.00 | NOTE | |
r-oldrel-macos-arm64 | 0.2.3 | 45.00 | NOTE | |||
r-oldrel-macos-x86_64 | 0.2.3 | 80.00 | NOTE | |||
r-oldrel-windows-ix86+x86_64 | 0.2.3 | 13.00 | 147.00 | 160.00 | NOTE |
Version: 0.2.3
Check: LazyData
Result: NOTE
'LazyData' is specified without a 'data' directory
Flavors: r-devel-linux-x86_64-debian-clang, r-devel-linux-x86_64-debian-gcc, r-devel-linux-x86_64-fedora-clang, r-devel-linux-x86_64-fedora-gcc, r-devel-windows-x86_64, r-patched-linux-x86_64, r-release-linux-x86_64, r-release-macos-arm64, r-release-macos-x86_64, r-release-windows-x86_64, r-oldrel-macos-arm64, r-oldrel-macos-x86_64, r-oldrel-windows-ix86+x86_64
Version: 0.2.3
Check: dependencies in R code
Result: NOTE
Namespaces in Imports field not imported from:
‘Rmisc’ ‘rlang’
All declared Imports should be used.
Flavors: r-devel-linux-x86_64-fedora-clang, r-devel-linux-x86_64-fedora-gcc, r-release-macos-arm64, r-release-macos-x86_64, r-oldrel-macos-arm64, r-oldrel-macos-x86_64