CRAN Package Check Results for Package EZtune

Last updated on 2024-02-23 07:52:08 CET.

Flavor Version Tinstall Tcheck Ttotal Status Flags
r-devel-linux-x86_64-debian-clang 3.1.1 OK
r-devel-linux-x86_64-debian-gcc 3.1.1 4.72 361.99 366.71 OK
r-devel-linux-x86_64-fedora-clang 3.1.1 544.31 NOTE
r-devel-linux-x86_64-fedora-gcc 3.1.1 573.12 NOTE
r-devel-windows-x86_64 3.1.1 6.00 293.00 299.00 OK
r-patched-linux-x86_64 3.1.1 3.79 404.24 408.03 OK
r-release-linux-x86_64 3.1.1 3.71 396.08 399.79 OK
r-release-macos-arm64 3.1.1 253.00 OK
r-release-macos-x86_64 3.1.1 317.00 OK
r-release-windows-x86_64 3.1.1 8.00 506.00 514.00 OK
r-oldrel-macos-arm64 3.1.1 281.00 NOTE
r-oldrel-windows-x86_64 3.1.1 9.00 442.00 451.00 OK

Check Details

Version: 3.1.1
Check: dependencies in R code
Result: NOTE Namespace in Imports field not imported from: ‘BiocStyle’ All declared Imports should be used. Flavors: r-devel-linux-x86_64-fedora-clang, r-devel-linux-x86_64-fedora-gcc, r-oldrel-macos-arm64