Last updated on 2023-01-27 07:50:32 CET.
Flavor | Version | Tinstall | Tcheck | Ttotal | Status | Flags |
---|---|---|---|---|---|---|
r-devel-linux-x86_64-debian-clang | 3.1.1 | 4.78 | 453.42 | 458.20 | OK | |
r-devel-linux-x86_64-debian-gcc | 3.1.1 | 4.03 | 303.76 | 307.79 | OK | |
r-devel-linux-x86_64-fedora-clang | 3.1.1 | 570.16 | NOTE | |||
r-devel-linux-x86_64-fedora-gcc | 3.1.1 | 550.50 | NOTE | |||
r-devel-windows-x86_64 | 3.1.1 | 19.00 | 436.00 | 455.00 | OK | |
r-patched-linux-x86_64 | 3.1.1 | 6.19 | 359.22 | 365.41 | OK | |
r-release-linux-x86_64 | 3.1.1 | 4.67 | 432.05 | 436.72 | OK | |
r-release-macos-arm64 | 3.1.1 | 281.00 | NOTE | |||
r-release-macos-x86_64 | 3.1.1 | 194.00 | NOTE | |||
r-release-windows-x86_64 | 3.1.1 | 20.00 | 433.00 | 453.00 | OK | |
r-oldrel-macos-arm64 | 3.1.1 | 286.00 | NOTE | |||
r-oldrel-macos-x86_64 | 3.1.1 | 258.00 | NOTE | |||
r-oldrel-windows-ix86+x86_64 | 3.1.1 | 12.00 | 508.00 | 520.00 | OK |
Version: 3.1.1
Check: dependencies in R code
Result: NOTE
Namespace in Imports field not imported from: ‘BiocStyle’
All declared Imports should be used.
Flavors: r-devel-linux-x86_64-fedora-clang, r-devel-linux-x86_64-fedora-gcc, r-release-macos-arm64, r-release-macos-x86_64, r-oldrel-macos-arm64, r-oldrel-macos-x86_64