Last updated on 2023-02-08 06:56:23 CET.
Flavor | Version | Tinstall | Tcheck | Ttotal | Status | Flags |
---|---|---|---|---|---|---|
r-devel-linux-x86_64-debian-clang | 0.2.0 | 24.75 | 211.77 | 236.52 | NOTE | |
r-devel-linux-x86_64-debian-gcc | 0.2.0 | 17.67 | 157.25 | 174.92 | NOTE | |
r-devel-linux-x86_64-fedora-clang | 0.2.0 | 325.02 | NOTE | |||
r-devel-linux-x86_64-fedora-gcc | 0.2.0 | 301.80 | NOTE | |||
r-devel-windows-x86_64 | 0.2.0 | 29.00 | 250.00 | 279.00 | NOTE | |
r-patched-linux-x86_64 | 0.2.0 | 22.17 | 205.65 | 227.82 | NOTE | |
r-release-linux-x86_64 | 0.2.0 | 17.24 | 203.76 | 221.00 | NOTE | |
r-release-macos-arm64 | 0.2.0 | 83.00 | NOTE | |||
r-release-macos-x86_64 | 0.2.0 | 131.00 | NOTE | |||
r-release-windows-x86_64 | 0.2.0 | 28.00 | 265.00 | 293.00 | NOTE | |
r-oldrel-macos-arm64 | 0.2.0 | 107.00 | NOTE | |||
r-oldrel-macos-x86_64 | 0.2.0 | 150.00 | NOTE | |||
r-oldrel-windows-ix86+x86_64 | 0.2.0 | 52.00 | 250.00 | 302.00 | NOTE |
Version: 0.2.0
Check: Rd files
Result: NOTE
checkRd: (-1) aic.Rd:25: Escaped LaTeX specials: \&
checkRd: (-1) aic.Rd:29: Escaped LaTeX specials: \&
checkRd: (-1) ictab.Rd:56: Escaped LaTeX specials: \&
checkRd: (-1) ictab.Rd:60: Escaped LaTeX specials: \&
checkRd: (-1) ictab.Rd:64: Escaped LaTeX specials: \&
Flavors: r-devel-linux-x86_64-debian-clang, r-devel-linux-x86_64-debian-gcc, r-devel-linux-x86_64-fedora-clang, r-devel-linux-x86_64-fedora-gcc, r-devel-windows-x86_64
Version: 0.2.0
Check: LazyData
Result: NOTE
'LazyData' is specified without a 'data' directory
Flavors: r-devel-linux-x86_64-debian-clang, r-devel-linux-x86_64-debian-gcc, r-devel-linux-x86_64-fedora-clang, r-devel-linux-x86_64-fedora-gcc, r-devel-windows-x86_64, r-patched-linux-x86_64, r-release-linux-x86_64, r-release-macos-arm64, r-release-macos-x86_64, r-release-windows-x86_64, r-oldrel-macos-arm64, r-oldrel-macos-x86_64, r-oldrel-windows-ix86+x86_64