CRAN Package Check Results for Package EMDANNhybrid

Last updated on 2023-01-26 06:52:55 CET.

Flavor Version Tinstall Tcheck Ttotal Status Flags
r-devel-linux-x86_64-debian-clang 0.1.0 11.17 114.29 125.46 NOTE
r-devel-linux-x86_64-debian-gcc 0.1.0 9.39 82.89 92.28 NOTE
r-devel-linux-x86_64-fedora-clang 0.1.0 154.98 NOTE
r-devel-linux-x86_64-fedora-gcc 0.1.0 148.95 NOTE
r-devel-windows-x86_64 0.1.0 17.00 134.00 151.00 NOTE
r-patched-linux-x86_64 0.1.0 8.72 108.84 117.56 NOTE
r-release-linux-x86_64 0.1.0 9.79 111.09 120.88 NOTE
r-release-macos-arm64 0.1.0 43.00 NOTE
r-release-macos-x86_64 0.1.0 79.00 NOTE
r-release-windows-x86_64 0.1.0 20.00 134.00 154.00 NOTE
r-oldrel-macos-arm64 0.1.0 64.00 NOTE
r-oldrel-macos-x86_64 0.1.0 108.00 NOTE
r-oldrel-windows-ix86+x86_64 0.1.0 33.00 135.00 168.00 NOTE

Check Details

Version: 0.1.0
Check: LazyData
Result: NOTE
     'LazyData' is specified without a 'data' directory
Flavors: r-devel-linux-x86_64-debian-clang, r-devel-linux-x86_64-debian-gcc, r-devel-linux-x86_64-fedora-clang, r-devel-linux-x86_64-fedora-gcc, r-devel-windows-x86_64, r-patched-linux-x86_64, r-release-linux-x86_64, r-release-macos-arm64, r-release-macos-x86_64, r-release-windows-x86_64, r-oldrel-macos-arm64, r-oldrel-macos-x86_64, r-oldrel-windows-ix86+x86_64