CRAN Package Check Results for Package EMAS

Last updated on 2024-06-16 06:58:45 CEST.

Flavor Version Tinstall Tcheck Ttotal Status Flags
r-devel-linux-x86_64-debian-clang 0.2.2 61.82 619.00 680.82 NOTE
r-devel-linux-x86_64-debian-gcc 0.2.2 56.18 447.32 503.50 NOTE
r-devel-linux-x86_64-fedora-clang 0.2.2 860.65 NOTE
r-devel-linux-x86_64-fedora-gcc 0.2.2 818.52 NOTE
r-devel-windows-x86_64 0.2.2 55.00 384.00 439.00 NOTE
r-patched-linux-x86_64 0.2.2 65.84 573.18 639.02 NOTE
r-release-linux-x86_64 0.2.2 58.70 573.71 632.41 NOTE
r-release-macos-arm64 0.2.2 5.00 ERROR
r-release-macos-x86_64 0.2.2 7.00 ERROR
r-release-windows-x86_64 0.2.2 57.00 163.00 220.00 FAIL
r-oldrel-macos-arm64 0.2.2 9.00 ERROR
r-oldrel-macos-x86_64 0.2.2 11.00 ERROR
r-oldrel-windows-x86_64 0.2.2 80.00 531.00 611.00 OK

Check Details

Version: 0.2.2
Check: Rd files
Result: NOTE checkRd: (-1) Emas.Rd:55: Lost braces in \itemize; \value handles \item{}{} directly checkRd: (-1) Emas.Rd:56: Lost braces in \itemize; \value handles \item{}{} directly checkRd: (-1) Emas.Rd:57: Lost braces in \itemize; \value handles \item{}{} directly checkRd: (-1) Emas.Rd:58: Lost braces in \itemize; \value handles \item{}{} directly checkRd: (-1) Emas.Rd:59: Lost braces in \itemize; \value handles \item{}{} directly checkRd: (-1) Emas.Rd:60: Lost braces in \itemize; \value handles \item{}{} directly checkRd: (-1) Emas.Rd:61: Lost braces in \itemize; \value handles \item{}{} directly checkRd: (-1) Emas.Rd:62: Lost braces in \itemize; \value handles \item{}{} directly checkRd: (-1) Emas.Rd:63: Lost braces in \itemize; \value handles \item{}{} directly checkRd: (-1) Emas.Rd:64: Lost braces in \itemize; \value handles \item{}{} directly Flavors: r-devel-linux-x86_64-debian-clang, r-devel-linux-x86_64-debian-gcc, r-devel-linux-x86_64-fedora-clang, r-devel-linux-x86_64-fedora-gcc, r-devel-windows-x86_64, r-patched-linux-x86_64, r-release-linux-x86_64

Version: 0.2.2
Check: package dependencies
Result: ERROR Packages required but not available: 'IlluminaHumanMethylationEPICanno.ilm10b4.hg19', 'IlluminaHumanMethylation450kanno.ilmn12.hg19' See section ‘The DESCRIPTION file’ in the ‘Writing R Extensions’ manual. Flavors: r-release-macos-arm64, r-release-macos-x86_64

Version: 0.2.2
Check: dependencies in R code
Result: FAIL
Flavor: r-release-windows-x86_64

Version: 0.2.2
Check: package dependencies
Result: ERROR Packages required but not available: 'minfi', 'IlluminaHumanMethylationEPICanno.ilm10b4.hg19', 'IlluminaHumanMethylation450kanno.ilmn12.hg19' See section ‘The DESCRIPTION file’ in the ‘Writing R Extensions’ manual. Flavors: r-oldrel-macos-arm64, r-oldrel-macos-x86_64