Last updated on 2023-03-31 07:53:24 CEST.
Flavor | Version | Tinstall | Tcheck | Ttotal | Status | Flags |
---|---|---|---|---|---|---|
r-devel-linux-x86_64-debian-clang | 0.1.0 | 15.41 | 126.98 | 142.39 | OK | |
r-devel-linux-x86_64-debian-gcc | 0.1.0 | 11.97 | 93.60 | 105.57 | OK | |
r-devel-linux-x86_64-fedora-clang | 0.1.0 | 183.61 | NOTE | |||
r-devel-linux-x86_64-fedora-gcc | 0.1.0 | 179.58 | NOTE | |||
r-devel-windows-x86_64 | 0.1.0 | 24.00 | 0.00 | 24.00 | OK | |
r-patched-linux-x86_64 | 0.1.0 | 13.89 | 118.59 | 132.48 | OK | |
r-release-linux-x86_64 | 0.1.0 | 13.10 | 115.80 | 128.90 | OK | |
r-release-macos-arm64 | 0.1.0 | 48.00 | NOTE | |||
r-release-macos-x86_64 | 0.1.0 | 67.00 | NOTE | |||
r-release-windows-x86_64 | 0.1.0 | 20.00 | 160.00 | 180.00 | OK | |
r-oldrel-macos-arm64 | 0.1.0 | 46.00 | NOTE | |||
r-oldrel-macos-x86_64 | 0.1.0 | 70.00 | NOTE | |||
r-oldrel-windows-ix86+x86_64 | 0.1.0 | 35.00 | 141.00 | 176.00 | NOTE |
Version: 0.1.0
Check: dependencies in R code
Result: NOTE
Namespaces in Imports field not imported from:
‘reticulate’ ‘tensorflow’
All declared Imports should be used.
Flavors: r-devel-linux-x86_64-fedora-clang, r-devel-linux-x86_64-fedora-gcc, r-release-macos-arm64, r-release-macos-x86_64, r-oldrel-macos-arm64, r-oldrel-macos-x86_64
Version: 0.1.0
Check: R code for possible problems
Result: NOTE
Initiating curl with CURL_SSL_BACKEND: openssl
Flavor: r-oldrel-windows-ix86+x86_64