Last updated on 2023-02-02 06:54:48 CET.
Flavor | Version | Tinstall | Tcheck | Ttotal | Status | Flags |
---|---|---|---|---|---|---|
r-devel-linux-x86_64-debian-clang | 0.2.13 | 3.47 | 42.43 | 45.90 | NOTE | |
r-devel-linux-x86_64-debian-gcc | 0.2.13 | 3.91 | 32.64 | 36.55 | NOTE | |
r-devel-linux-x86_64-fedora-clang | 0.2.13 | 65.13 | NOTE | |||
r-devel-linux-x86_64-fedora-gcc | 0.2.13 | 69.06 | NOTE | |||
r-devel-windows-x86_64 | 0.2.13 | 34.00 | 78.00 | 112.00 | NOTE | |
r-patched-linux-x86_64 | 0.2.13 | 4.22 | 42.61 | 46.83 | NOTE | |
r-release-linux-x86_64 | 0.2.13 | 3.60 | 42.49 | 46.09 | NOTE | |
r-release-macos-arm64 | 0.2.13 | 22.00 | NOTE | |||
r-release-macos-x86_64 | 0.2.13 | 41.00 | NOTE | |||
r-release-windows-x86_64 | 0.2.13 | 27.00 | 84.00 | 111.00 | NOTE | |
r-oldrel-macos-arm64 | 0.2.13 | 24.00 | NOTE | |||
r-oldrel-macos-x86_64 | 0.2.13 | 33.00 | NOTE | |||
r-oldrel-windows-ix86+x86_64 | 0.2.13 | 13.00 | 72.00 | 85.00 | NOTE |
Version: 0.2.13
Check: LazyData
Result: NOTE
'LazyData' is specified without a 'data' directory
Flavors: r-devel-linux-x86_64-debian-clang, r-devel-linux-x86_64-debian-gcc, r-devel-linux-x86_64-fedora-clang, r-devel-linux-x86_64-fedora-gcc, r-devel-windows-x86_64, r-patched-linux-x86_64, r-release-linux-x86_64, r-release-macos-arm64, r-release-macos-x86_64, r-release-windows-x86_64, r-oldrel-macos-arm64, r-oldrel-macos-x86_64, r-oldrel-windows-ix86+x86_64