Last updated on 2023-01-29 07:56:01 CET.
Flavor | Version | Tinstall | Tcheck | Ttotal | Status | Flags |
---|---|---|---|---|---|---|
r-devel-linux-x86_64-debian-clang | 0.5.4 | 15.87 | 39.67 | 55.54 | WARN | |
r-devel-linux-x86_64-debian-gcc | 0.5.4 | 11.42 | 30.76 | 42.18 | WARN | |
r-devel-linux-x86_64-fedora-clang | 0.5.4 | 72.06 | WARN | |||
r-devel-linux-x86_64-fedora-gcc | 0.5.4 | 83.49 | WARN | |||
r-devel-windows-x86_64 | 0.5.4 | 106.00 | 80.00 | 186.00 | NOTE | |
r-patched-linux-x86_64 | 0.5.4 | 11.92 | 39.05 | 50.97 | NOTE | |
r-release-linux-x86_64 | 0.5.4 | 11.30 | 38.54 | 49.84 | NOTE | |
r-release-macos-arm64 | 0.5.4 | 27.00 | NOTE | |||
r-release-macos-x86_64 | 0.5.4 | 41.00 | NOTE | |||
r-release-windows-x86_64 | 0.5.4 | 93.00 | 76.00 | 169.00 | NOTE | |
r-oldrel-macos-arm64 | 0.5.4 | 54.00 | NOTE | |||
r-oldrel-macos-x86_64 | 0.5.4 | 58.00 | NOTE | |||
r-oldrel-windows-ix86+x86_64 | 0.5.4 | 69.00 | 84.00 | 153.00 | NOTE |
Version: 0.5.4
Check: whether package can be installed
Result: WARN
Found the following significant warnings:
include/ecos_bb.h:161:42: warning: a function declaration without a prototype is deprecated in all versions of C [-Wstrict-prototypes]
ecos_bb/ecos_bb_preproc.c:298:42: warning: a function declaration without a prototype is deprecated in all versions of C [-Wstrict-prototypes]
ecos/include/ecos_bb.h:161:42: warning: a function declaration without a prototype is deprecated in all versions of C [-Wstrict-prototypes]
See ‘/home/hornik/tmp/R.check/r-devel-clang/Work/PKGS/ECOSolveR.Rcheck/00install.out’ for details.
* used C compiler: ‘Debian clang version 15.0.6’
Flavor: r-devel-linux-x86_64-debian-clang
Version: 0.5.4
Check: for GNU extensions in Makefiles
Result: NOTE
GNU make is a SystemRequirements.
Flavors: r-devel-linux-x86_64-debian-clang, r-devel-linux-x86_64-debian-gcc, r-devel-linux-x86_64-fedora-clang, r-devel-linux-x86_64-fedora-gcc, r-devel-windows-x86_64, r-patched-linux-x86_64, r-release-linux-x86_64, r-release-macos-arm64, r-release-macos-x86_64, r-release-windows-x86_64, r-oldrel-macos-arm64, r-oldrel-macos-x86_64, r-oldrel-windows-ix86+x86_64
Version: 0.5.4
Check: whether package can be installed
Result: WARN
Found the following significant warnings:
include/ecos_bb.h:161:1: warning: function declaration isn’t a prototype [-Wstrict-prototypes]
ecos_bb/ecos_bb_preproc.c:298:14: warning: function declaration isn’t a prototype [-Wstrict-prototypes]
ecos/include/ecos_bb.h:161:1: warning: function declaration isn’t a prototype [-Wstrict-prototypes]
See ‘/home/hornik/tmp/R.check/r-devel-gcc/Work/PKGS/ECOSolveR.Rcheck/00install.out’ for details.
* used C compiler: ‘gcc-12 (Debian 12.2.0-14) 12.2.0’
Flavor: r-devel-linux-x86_64-debian-gcc
Version: 0.5.4
Check: whether package can be installed
Result: WARN
Found the following significant warnings:
include/ecos_bb.h:161:42: warning: a function declaration without a prototype is deprecated in all versions of C [-Wstrict-prototypes]
ecos_bb/ecos_bb_preproc.c:298:42: warning: a function declaration without a prototype is deprecated in all versions of C [-Wstrict-prototypes]
ecos/include/ecos_bb.h:161:42: warning: a function declaration without a prototype is deprecated in all versions of C [-Wstrict-prototypes]
See ‘/data/gannet/ripley/R/packages/tests-clang/ECOSolveR.Rcheck/00install.out’ for details.
* used C compiler: ‘clang version 15.0.6’
Flavor: r-devel-linux-x86_64-fedora-clang
Version: 0.5.4
Check: whether package can be installed
Result: WARN
Found the following significant warnings:
include/ecos_bb.h:161:1: warning: function declaration isn’t a prototype [-Wstrict-prototypes]
ecos_bb/ecos_bb_preproc.c:298:14: warning: function declaration isn’t a prototype [-Wstrict-prototypes]
ecos/include/ecos_bb.h:161:1: warning: function declaration isn’t a prototype [-Wstrict-prototypes]
See ‘/data/gannet/ripley/R/packages/tests-devel/ECOSolveR.Rcheck/00install.out’ for details.
* used C compiler: ‘gcc (GCC) 12.2.1 20221121 (Red Hat 12.2.1-4)’
Flavor: r-devel-linux-x86_64-fedora-gcc