Last updated on 2023-01-29 07:56:00 CET.
Flavor | Version | Tinstall | Tcheck | Ttotal | Status | Flags |
---|---|---|---|---|---|---|
r-devel-linux-x86_64-debian-clang | 0.4.0.1 | 53.31 | 52.78 | 106.09 | OK | |
r-devel-linux-x86_64-debian-gcc | 0.4.0.1 | 35.75 | 45.70 | 81.45 | NOTE | |
r-devel-linux-x86_64-fedora-clang | 0.4.0.1 | 136.83 | OK | |||
r-devel-linux-x86_64-fedora-gcc | 0.4.0.1 | 116.60 | NOTE | |||
r-devel-windows-x86_64 | 0.4.0.1 | 78.00 | 97.00 | 175.00 | NOTE | |
r-patched-linux-x86_64 | 0.4.0.1 | 40.78 | 54.04 | 94.82 | OK | |
r-release-linux-x86_64 | 0.4.0.1 | 37.26 | 50.12 | 87.38 | OK | |
r-release-macos-arm64 | 0.4.0.1 | 33.00 | OK | |||
r-release-macos-x86_64 | 0.4.0.1 | 44.00 | OK | |||
r-release-windows-x86_64 | 0.4.0.1 | 63.00 | 91.00 | 154.00 | OK | |
r-oldrel-macos-arm64 | 0.4.0.1 | 39.00 | OK | |||
r-oldrel-macos-x86_64 | 0.4.0.1 | 67.00 | OK | |||
r-oldrel-windows-ix86+x86_64 | 0.4.0.1 | 118.00 | 113.00 | 231.00 | OK |
Version: 0.4.0.1
Check: C++ specification
Result: NOTE
Specified C++11: please update to current default of C++17
Flavors: r-devel-linux-x86_64-debian-gcc, r-devel-linux-x86_64-fedora-gcc, r-devel-windows-x86_64