Last updated on 2023-01-29 07:56:00 CET.
Flavor | Version | Tinstall | Tcheck | Ttotal | Status | Flags |
---|---|---|---|---|---|---|
r-devel-linux-x86_64-debian-clang | 0.2.1 | 2.62 | 50.78 | 53.40 | OK | |
r-devel-linux-x86_64-debian-gcc | 0.2.1 | 2.53 | 38.44 | 40.97 | OK | |
r-devel-linux-x86_64-fedora-clang | 0.2.1 | 66.92 | NOTE | |||
r-devel-linux-x86_64-fedora-gcc | 0.2.1 | 74.81 | NOTE | |||
r-devel-windows-x86_64 | 0.2.1 | 36.00 | 98.00 | 134.00 | OK | |
r-patched-linux-x86_64 | 0.2.1 | 2.49 | 48.04 | 50.53 | OK | |
r-release-linux-x86_64 | 0.2.1 | 2.67 | 48.94 | 51.61 | OK | |
r-release-macos-arm64 | 0.2.1 | 22.00 | NOTE | |||
r-release-macos-x86_64 | 0.2.1 | 32.00 | NOTE | |||
r-release-windows-x86_64 | 0.2.1 | 14.00 | 79.00 | 93.00 | OK | |
r-oldrel-macos-arm64 | 0.2.1 | 24.00 | NOTE | |||
r-oldrel-macos-x86_64 | 0.2.1 | 46.00 | NOTE | |||
r-oldrel-windows-ix86+x86_64 | 0.2.1 | 7.00 | 74.00 | 81.00 | OK |
Version: 0.2.1
Check: dependencies in R code
Result: NOTE
Namespace in Imports field not imported from: ‘sandwich’
All declared Imports should be used.
Flavors: r-devel-linux-x86_64-fedora-clang, r-devel-linux-x86_64-fedora-gcc, r-release-macos-arm64, r-release-macos-x86_64, r-oldrel-macos-arm64, r-oldrel-macos-x86_64