CRAN Package Check Results for Package DiagrammeR

Last updated on 2022-11-29 06:50:46 CET.

Flavor Version Tinstall Tcheck Ttotal Status Flags
r-devel-linux-x86_64-debian-clang 1.0.9 25.08 281.32 306.40 OK
r-devel-linux-x86_64-debian-gcc 1.0.9 20.05 208.35 228.40 OK
r-devel-linux-x86_64-fedora-clang 1.0.9 375.17 NOTE
r-devel-linux-x86_64-fedora-gcc 1.0.9 395.75 NOTE
r-devel-windows-x86_64 1.0.9 190.00 430.00 620.00 OK
r-patched-linux-x86_64 1.0.9 19.82 251.35 271.17 OK
r-release-linux-x86_64 1.0.9 17.18 254.66 271.84 OK
r-release-macos-arm64 1.0.9 84.00 NOTE
r-release-macos-x86_64 1.0.9 159.00 NOTE
r-release-windows-x86_64 1.0.9 117.00 370.00 487.00 OK
r-oldrel-macos-arm64 1.0.9 81.00 NOTE
r-oldrel-macos-x86_64 1.0.9 122.00 NOTE
r-oldrel-windows-ix86+x86_64 1.0.9 39.00 339.00 378.00 OK

Check Details

Version: 1.0.9
Check: data for non-ASCII characters
Result: NOTE
     Note: found 1 marked UTF-8 string
Flavors: r-devel-linux-x86_64-fedora-clang, r-devel-linux-x86_64-fedora-gcc, r-release-macos-arm64, r-release-macos-x86_64, r-oldrel-macos-arm64, r-oldrel-macos-x86_64