CRAN Package Check Results for Package DescTools

Last updated on 2023-02-09 06:55:27 CET.

Flavor Version Tinstall Tcheck Ttotal Status Flags
r-devel-linux-x86_64-debian-clang 0.99.47 97.89 496.20 594.09 NOTE
r-devel-linux-x86_64-debian-gcc 0.99.47 79.24 358.65 437.89 NOTE
r-devel-linux-x86_64-fedora-clang 0.99.47 749.40 NOTE
r-devel-linux-x86_64-fedora-gcc 0.99.47 747.40 NOTE
r-devel-windows-x86_64 0.99.47 360.00 600.00 960.00 NOTE
r-patched-linux-x86_64 0.99.47 103.58 445.87 549.45 NOTE
r-release-linux-x86_64 0.99.47 85.85 450.22 536.07 NOTE
r-release-macos-arm64 0.99.47 143.00 NOTE
r-release-macos-x86_64 0.99.47 181.00 NOTE
r-release-windows-x86_64 0.99.47 377.00 602.00 979.00 NOTE
r-oldrel-macos-arm64 0.99.47 131.00 NOTE
r-oldrel-macos-x86_64 0.99.47 184.00 NOTE
r-oldrel-windows-ix86+x86_64 0.99.47 174.00 644.00 818.00 NOTE

Check Details

Version: 0.99.47
Check: package dependencies
Result: NOTE
    Package suggested but not available for checking: ‘RDCOMClient’
Flavors: r-devel-linux-x86_64-debian-clang, r-devel-linux-x86_64-debian-gcc, r-devel-linux-x86_64-fedora-clang, r-devel-linux-x86_64-fedora-gcc, r-devel-windows-x86_64, r-patched-linux-x86_64, r-release-linux-x86_64, r-release-macos-arm64, r-release-macos-x86_64, r-release-windows-x86_64, r-oldrel-macos-arm64, r-oldrel-macos-x86_64, r-oldrel-windows-ix86+x86_64

Version: 0.99.47
Check: C++ specification
Result: NOTE
     Specified C++11: please update to current default of C++17
Flavor: r-devel-linux-x86_64-debian-clang

Version: 0.99.47
Check: C++ specification
Result: NOTE
     Specified C++11: please drop specification unless essential
Flavors: r-devel-linux-x86_64-debian-gcc, r-devel-linux-x86_64-fedora-clang, r-devel-linux-x86_64-fedora-gcc, r-devel-windows-x86_64

Version: 0.99.47
Check: installed package size
Result: NOTE
     installed size is 6.0Mb
     sub-directories of 1Mb or more:
     R 1.7Mb
     doc 1.8Mb
     help 1.5Mb
Flavors: r-devel-linux-x86_64-fedora-clang, r-devel-windows-x86_64, r-release-macos-arm64, r-release-macos-x86_64, r-release-windows-x86_64, r-oldrel-macos-arm64, r-oldrel-macos-x86_64, r-oldrel-windows-ix86+x86_64

Version: 0.99.47
Check: Rd cross-references
Result: NOTE
    Undeclared packages ‘ineq’, ‘randtests’, ‘Hmisc’, ‘plotrix’, ‘caret’, ‘pcaPP’, ‘polycor’, ‘lmtest’, ‘car’, ‘gmp’, ‘vcdExtra’, ‘chron’, ‘coin’, ‘caTools’, ‘forecast’, ‘sfsmisc’, ‘vcd’, ‘areaplot’, ‘corrgram’, ‘UsingR’, ‘memisc’, ‘gtools’, ‘BSDA’, ‘prettyR’ in Rd xrefs
Flavor: r-devel-linux-x86_64-fedora-clang