CRAN Package Check Results for Package DecorateR

Last updated on 2023-10-02 07:56:24 CEST.

Flavor Version Tinstall Tcheck Ttotal Status Flags
r-devel-linux-x86_64-debian-clang 0.1.2 8.26 74.60 82.86 NOTE
r-devel-linux-x86_64-debian-gcc 0.1.2 5.80 55.29 61.09 NOTE
r-devel-linux-x86_64-fedora-clang 0.1.2 101.49 NOTE
r-devel-linux-x86_64-fedora-gcc 0.1.2 110.74 NOTE
r-devel-windows-x86_64 0.1.2 8.00 73.00 81.00 NOTE
r-patched-linux-x86_64 0.1.2 7.50 72.88 80.38 NOTE
r-release-linux-x86_64 0.1.2 7.91 74.12 82.03 NOTE
r-release-macos-arm64 0.1.2 32.00 NOTE
r-release-macos-x86_64 0.1.2 46.00 NOTE
r-release-windows-x86_64 0.1.2 7.00 80.00 87.00 NOTE
r-oldrel-macos-arm64 0.1.2 37.00 NOTE
r-oldrel-macos-x86_64 0.1.2 45.00 NOTE
r-oldrel-windows-x86_64 0.1.2 10.00 83.00 93.00 NOTE

Check Details

Version: 0.1.2
Check: LazyData
Result: NOTE
     'LazyData' is specified without a 'data' directory
Flavors: r-devel-linux-x86_64-debian-clang, r-devel-linux-x86_64-debian-gcc, r-devel-linux-x86_64-fedora-clang, r-devel-linux-x86_64-fedora-gcc, r-devel-windows-x86_64, r-patched-linux-x86_64, r-release-linux-x86_64, r-release-macos-arm64, r-release-macos-x86_64, r-release-windows-x86_64, r-oldrel-macos-arm64, r-oldrel-macos-x86_64, r-oldrel-windows-x86_64