Last updated on 2023-09-26 08:04:10 CEST.
Flavor | Version | Tinstall | Tcheck | Ttotal | Status | Flags |
---|---|---|---|---|---|---|
r-devel-linux-x86_64-debian-clang | 1.0.6 | 15.22 | 156.12 | 171.34 | OK | |
r-devel-linux-x86_64-debian-gcc | 1.0.6 | 11.77 | 117.39 | 129.16 | OK | |
r-devel-linux-x86_64-fedora-clang | 1.0.6 | 203.70 | OK | |||
r-devel-linux-x86_64-fedora-gcc | 1.0.6 | 199.87 | OK | |||
r-devel-windows-x86_64 | 1.0.6 | 16.00 | 147.00 | 163.00 | OK | |
r-patched-linux-x86_64 | 1.0.6 | 18.32 | 149.53 | 167.85 | OK | |
r-release-linux-x86_64 | 1.0.6 | 12.88 | 151.31 | 164.19 | OK | |
r-release-macos-arm64 | 1.0.6 | 67.00 | OK | |||
r-release-macos-x86_64 | 1.0.6 | 130.00 | NOTE | |||
r-release-windows-x86_64 | 1.0.6 | 18.00 | 173.00 | 191.00 | OK | |
r-oldrel-macos-arm64 | 1.0.6 | 57.00 | OK | |||
r-oldrel-macos-x86_64 | 1.0.6 | 89.00 | OK | |||
r-oldrel-windows-x86_64 | 1.0.6 | 19.00 | 163.00 | 182.00 | OK |
Version: 1.0.6
Check: package dependencies
Result: NOTE
Packages suggested but not available for checking: 'EMD', 'astrochron'
Flavor: r-release-macos-x86_64