Last updated on 2023-02-04 08:01:09 CET.
Flavor | Version | Tinstall | Tcheck | Ttotal | Status | Flags |
---|---|---|---|---|---|---|
r-devel-linux-x86_64-debian-clang | 3.3.3 | 28.48 | 54.49 | 82.97 | NOTE | |
r-devel-linux-x86_64-debian-gcc | 3.3.3 | 20.85 | 40.81 | 61.66 | NOTE | |
r-devel-linux-x86_64-fedora-clang | 3.3.3 | 125.18 | NOTE | |||
r-devel-linux-x86_64-fedora-gcc | 3.3.3 | 110.11 | NOTE | |||
r-devel-windows-x86_64 | 3.3.3 | 39.00 | 105.00 | 144.00 | NOTE | |
r-patched-linux-x86_64 | 3.3.3 | 22.18 | 51.35 | 73.53 | OK | |
r-release-linux-x86_64 | 3.3.3 | 22.06 | 52.83 | 74.89 | OK | |
r-release-macos-arm64 | 3.3.3 | 36.00 | OK | |||
r-release-macos-x86_64 | 3.3.3 | 46.00 | OK | |||
r-release-windows-x86_64 | 3.3.3 | 37.00 | 115.00 | 152.00 | OK | |
r-oldrel-macos-arm64 | 3.3.3 | 40.00 | OK | |||
r-oldrel-macos-x86_64 | 3.3.3 | 53.00 | OK | |||
r-oldrel-windows-ix86+x86_64 | 3.3.3 | 73.00 | 122.00 | 195.00 | OK |
Version: 3.3.3
Check: C++ specification
Result: NOTE
Specified C++14: please update to current default of C++17
Flavors: r-devel-linux-x86_64-debian-clang, r-devel-linux-x86_64-debian-gcc, r-devel-linux-x86_64-fedora-clang, r-devel-linux-x86_64-fedora-gcc, r-devel-windows-x86_64