CRAN Package Check Results for Package DatastreamDSWS2R

Last updated on 2023-01-28 07:14:51 CET.

Flavor Version Tinstall Tcheck Ttotal Status Flags
r-devel-linux-x86_64-debian-clang 1.8.2 13.56 61.51 75.07 NOTE
r-devel-linux-x86_64-debian-gcc 1.8.2 9.42 45.44 54.86 NOTE
r-devel-linux-x86_64-fedora-clang 1.8.2 102.01 NOTE
r-devel-linux-x86_64-fedora-gcc 1.8.2 90.87 NOTE
r-devel-windows-x86_64 1.8.2 61.00 90.00 151.00 NOTE
r-patched-linux-x86_64 1.8.2 11.71 57.95 69.66 OK
r-release-linux-x86_64 1.8.2 14.53 59.45 73.98 OK
r-release-macos-arm64 1.8.2 26.00 NOTE
r-release-macos-x86_64 1.8.2 54.00 NOTE
r-release-windows-x86_64 1.8.2 108.00 92.00 200.00 OK
r-oldrel-macos-arm64 1.8.2 28.00 NOTE
r-oldrel-macos-x86_64 1.8.2 38.00 NOTE
r-oldrel-windows-ix86+x86_64 1.8.2 30.00 82.00 112.00 OK

Check Details

Version: 1.8.2
Check: package subdirectories
Result: NOTE
    Problems with news in ‘NEWS.md’:
     Cannot extract version info from the following section titles:
     Datastream DWE - now decommissioned by Refinitiv
     CRAN
Flavors: r-devel-linux-x86_64-debian-clang, r-devel-linux-x86_64-debian-gcc, r-devel-linux-x86_64-fedora-clang, r-devel-linux-x86_64-fedora-gcc, r-devel-windows-x86_64

Version: 1.8.2
Check: data for non-ASCII characters
Result: NOTE
     Note: found 8 marked Latin-1 strings
Flavors: r-devel-linux-x86_64-fedora-clang, r-devel-linux-x86_64-fedora-gcc, r-release-macos-arm64, r-release-macos-x86_64, r-oldrel-macos-arm64, r-oldrel-macos-x86_64