CRAN Package Check Results for Package DatabaseConnectorJars

Last updated on 2023-11-30 07:52:32 CET.

Flavor Version Tinstall Tcheck Ttotal Status Flags
r-devel-linux-x86_64-debian-clang 1.1.0 2.98 34.16 37.14 OK
r-devel-linux-x86_64-debian-gcc 1.1.0 2.63 26.53 29.16 OK
r-devel-linux-x86_64-fedora-clang 1.1.0 46.97 NOTE
r-devel-linux-x86_64-fedora-gcc 1.1.0 46.97 OK
r-devel-windows-x86_64 1.1.0 11.00 47.00 58.00 NOTE
r-patched-linux-x86_64 1.1.0 3.56 33.69 37.25 OK
r-release-linux-x86_64 1.1.0 3.32 33.78 37.10 OK
r-release-macos-arm64 1.1.0 20.00 NOTE
r-release-macos-x86_64 1.1.0 36.00 NOTE
r-release-windows-x86_64 1.1.0 5.00 49.00 54.00 NOTE
r-oldrel-macos-arm64 1.1.0 20.00 NOTE
r-oldrel-macos-x86_64 1.1.0 28.00 NOTE
r-oldrel-windows-x86_64 1.1.0 8.00 59.00 67.00 NOTE

Check Details

Version: 1.1.0
Check: installed package size
Result: NOTE installed size is 7.6Mb sub-directories of 1Mb or more: java 7.5Mb Flavors: r-devel-linux-x86_64-fedora-clang, r-devel-windows-x86_64, r-release-macos-arm64, r-release-macos-x86_64, r-release-windows-x86_64, r-oldrel-macos-arm64, r-oldrel-macos-x86_64, r-oldrel-windows-x86_64