CRAN Package Check Results for Package DataLoader

Last updated on 2023-03-29 07:55:16 CEST.

Flavor Version Tinstall Tcheck Ttotal Status Flags
r-devel-linux-x86_64-debian-clang 1.3 8.38 79.43 87.81 NOTE
r-devel-linux-x86_64-debian-gcc 1.3 7.15 59.92 67.07 NOTE
r-devel-linux-x86_64-fedora-clang 1.3 112.38 NOTE
r-devel-linux-x86_64-fedora-gcc 1.3 113.92 NOTE
r-devel-windows-x86_64 1.3 22.00 0.00 22.00 NOTE
r-patched-linux-x86_64 1.3 8.67 77.96 86.63 NOTE
r-release-linux-x86_64 1.3 9.41 78.10 87.51 NOTE
r-release-macos-arm64 1.3 34.00 NOTE
r-release-macos-x86_64 1.3 60.00 NOTE
r-release-windows-x86_64 1.3 37.00 94.00 131.00 NOTE
r-oldrel-macos-arm64 1.3 46.00 NOTE
r-oldrel-macos-x86_64 1.3 59.00 NOTE
r-oldrel-windows-ix86+x86_64 1.3 18.00 93.00 111.00 NOTE

Check Details

Version: 1.3
Check: LazyData
Result: NOTE
     'LazyData' is specified without a 'data' directory
Flavors: r-devel-linux-x86_64-debian-clang, r-devel-linux-x86_64-debian-gcc, r-devel-linux-x86_64-fedora-clang, r-devel-linux-x86_64-fedora-gcc, r-devel-windows-x86_64, r-patched-linux-x86_64, r-release-linux-x86_64, r-release-macos-arm64, r-release-macos-x86_64, r-release-windows-x86_64, r-oldrel-macos-arm64, r-oldrel-macos-x86_64, r-oldrel-windows-ix86+x86_64