CRAN Package Check Results for Package DatAssim

Last updated on 2022-09-28 06:54:04 CEST.

Flavor Version Tinstall Tcheck Ttotal Status Flags
r-devel-linux-x86_64-debian-clang 1.0 34.75 27.01 61.76 NOTE
r-devel-linux-x86_64-debian-gcc 1.0 24.80 21.23 46.03 NOTE
r-devel-linux-x86_64-fedora-clang 1.0 94.77 NOTE
r-devel-linux-x86_64-fedora-gcc 1.0 82.93 NOTE
r-devel-windows-x86_64 1.0 30.00 80.00 110.00 NOTE
r-patched-linux-x86_64 1.0 24.87 26.13 51.00 NOTE
r-release-linux-x86_64 1.0 27.27 25.98 53.25 NOTE
r-release-macos-arm64 1.0 24.00 NOTE
r-release-macos-x86_64 1.0 35.00 NOTE
r-release-windows-x86_64 1.0 29.00 73.00 102.00 NOTE
r-oldrel-macos-arm64 1.0 28.00 NOTE
r-oldrel-macos-x86_64 1.0 50.00 NOTE
r-oldrel-windows-ix86+x86_64 1.0 84.00 79.00 163.00 NOTE

Check Details

Version: 1.0
Check: LazyData
Result: NOTE
     'LazyData' is specified without a 'data' directory
Flavors: r-devel-linux-x86_64-debian-clang, r-devel-linux-x86_64-debian-gcc, r-devel-linux-x86_64-fedora-clang, r-devel-linux-x86_64-fedora-gcc, r-devel-windows-x86_64, r-patched-linux-x86_64, r-release-linux-x86_64, r-release-macos-arm64, r-release-macos-x86_64, r-release-windows-x86_64, r-oldrel-macos-arm64, r-oldrel-macos-x86_64, r-oldrel-windows-ix86+x86_64