CRAN Package Check Results for Package DatAssim

Last updated on 2025-01-25 07:50:22 CET.

Flavor Version Tinstall Tcheck Ttotal Status Flags
r-devel-linux-x86_64-debian-clang 1.0 19.51 20.72 40.23 OK
r-devel-linux-x86_64-debian-gcc 1.0 14.57 17.02 31.59 OK
r-devel-linux-x86_64-fedora-clang 1.0 76.71 OK
r-devel-linux-x86_64-fedora-gcc 1.0 75.79 OK
r-devel-windows-x86_64 1.0 24.00 71.00 95.00 OK
r-patched-linux-x86_64 1.0 20.47 19.78 40.25 NOTE
r-release-linux-x86_64 1.0 18.86 19.83 38.69 NOTE
r-release-macos-arm64 1.0 25.00 NOTE
r-release-macos-x86_64 1.0 41.00 NOTE
r-release-windows-x86_64 1.0 23.00 64.00 87.00 NOTE
r-oldrel-macos-arm64 1.0 26.00 NOTE
r-oldrel-macos-x86_64 1.0 42.00 NOTE
r-oldrel-windows-x86_64 1.0 28.00 74.00 102.00 NOTE

Check Details

Version: 1.0
Check: LazyData
Result: NOTE 'LazyData' is specified without a 'data' directory Flavors: r-patched-linux-x86_64, r-release-linux-x86_64, r-release-macos-arm64, r-release-macos-x86_64, r-release-windows-x86_64, r-oldrel-macos-arm64, r-oldrel-macos-x86_64, r-oldrel-windows-x86_64