Last updated on 2023-02-06 06:51:52 CET.
Flavor | Version | Tinstall | Tcheck | Ttotal | Status | Flags |
---|---|---|---|---|---|---|
r-devel-linux-x86_64-debian-clang | 0.4.2 | 13.88 | 149.64 | 163.52 | OK | |
r-devel-linux-x86_64-debian-gcc | 0.4.2 | 11.37 | 109.69 | 121.06 | OK | |
r-devel-linux-x86_64-fedora-clang | 0.4.2 | 208.48 | NOTE | |||
r-devel-linux-x86_64-fedora-gcc | 0.4.2 | 224.70 | NOTE | |||
r-devel-windows-x86_64 | 0.4.2 | 65.00 | 241.00 | 306.00 | OK | |
r-patched-linux-x86_64 | 0.4.2 | 12.35 | 141.66 | 154.01 | OK | |
r-release-linux-x86_64 | 0.4.2 | 11.45 | 141.69 | 153.14 | OK | |
r-release-macos-arm64 | 0.4.2 | 69.00 | NOTE | |||
r-release-macos-x86_64 | 0.4.2 | 121.00 | NOTE | |||
r-release-windows-x86_64 | 0.4.2 | 76.00 | 260.00 | 336.00 | OK | |
r-oldrel-macos-arm64 | 0.4.2 | 54.00 | NOTE | |||
r-oldrel-macos-x86_64 | 0.4.2 | 76.00 | NOTE | |||
r-oldrel-windows-ix86+x86_64 | 0.4.2 | 29.00 | 180.00 | 209.00 | OK |
Version: 0.4.2
Check: dependencies in R code
Result: NOTE
Namespace in Imports field not imported from: ‘DT’
All declared Imports should be used.
Flavors: r-devel-linux-x86_64-fedora-clang, r-devel-linux-x86_64-fedora-gcc, r-release-macos-arm64, r-release-macos-x86_64, r-oldrel-macos-arm64, r-oldrel-macos-x86_64