Last updated on 2023-10-04 07:03:02 CEST.
Flavor | Version | Tinstall | Tcheck | Ttotal | Status | Flags |
---|---|---|---|---|---|---|
r-devel-linux-x86_64-debian-clang | 0.4.2 | 13.22 | 157.19 | 170.41 | OK | |
r-devel-linux-x86_64-debian-gcc | 0.4.2 | 11.95 | 117.25 | 129.20 | OK | |
r-devel-linux-x86_64-fedora-clang | 0.4.2 | 210.86 | NOTE | |||
r-devel-linux-x86_64-fedora-gcc | 0.4.2 | 211.99 | NOTE | |||
r-devel-windows-x86_64 | 0.4.2 | 14.00 | 189.00 | 203.00 | OK | |
r-patched-linux-x86_64 | 0.4.2 | 9.76 | 150.91 | 160.67 | OK | |
r-release-linux-x86_64 | 0.4.2 | 13.96 | 149.39 | 163.35 | OK | |
r-release-macos-arm64 | 0.4.2 | 68.00 | OK | |||
r-release-macos-x86_64 | 0.4.2 | 112.00 | OK | |||
r-release-windows-x86_64 | 0.4.2 | 17.00 | 192.00 | 209.00 | OK | |
r-oldrel-macos-arm64 | 0.4.2 | 69.00 | NOTE | |||
r-oldrel-macos-x86_64 | 0.4.2 | 121.00 | NOTE | |||
r-oldrel-windows-x86_64 | 0.4.2 | 18.00 | 194.00 | 212.00 | OK |
Version: 0.4.2
Check: dependencies in R code
Result: NOTE
Namespace in Imports field not imported from: ‘DT’
All declared Imports should be used.
Flavors: r-devel-linux-x86_64-fedora-clang, r-devel-linux-x86_64-fedora-gcc, r-oldrel-macos-arm64, r-oldrel-macos-x86_64