CRAN Package Check Results for Package DSpoty

Last updated on 2024-02-27 07:54:45 CET.

Flavor Version Tinstall Tcheck Ttotal Status Flags
r-devel-linux-x86_64-debian-clang 0.1.0 5.23 43.99 49.22 NOTE
r-devel-linux-x86_64-debian-gcc 0.1.0 4.09 33.44 37.53 NOTE
r-devel-linux-x86_64-fedora-clang 0.1.0 60.61 NOTE
r-devel-linux-x86_64-fedora-gcc 0.1.0 56.67 NOTE
r-devel-windows-x86_64 0.1.0 6.00 54.00 60.00 NOTE
r-patched-linux-x86_64 0.1.0 5.50 42.74 48.24 NOTE
r-release-linux-x86_64 0.1.0 5.16 41.84 47.00 NOTE
r-release-macos-arm64 0.1.0 23.00 NOTE
r-release-macos-x86_64 0.1.0 32.00 NOTE
r-release-windows-x86_64 0.1.0 8.00 59.00 67.00 NOTE
r-oldrel-macos-arm64 0.1.0 26.00 NOTE
r-oldrel-windows-x86_64 0.1.0 8.00 63.00 71.00 NOTE

Check Details

Version: 0.1.0
Check: LazyData
Result: NOTE 'LazyData' is specified without a 'data' directory Flavors: r-devel-linux-x86_64-debian-clang, r-devel-linux-x86_64-debian-gcc, r-devel-linux-x86_64-fedora-clang, r-devel-linux-x86_64-fedora-gcc, r-devel-windows-x86_64, r-patched-linux-x86_64, r-release-linux-x86_64, r-release-macos-arm64, r-release-macos-x86_64, r-release-windows-x86_64, r-oldrel-macos-arm64, r-oldrel-windows-x86_64