CRAN Package Check Results for Package DSpoty

Last updated on 2023-01-27 07:50:31 CET.

Flavor Version Tinstall Tcheck Ttotal Status Flags
r-devel-linux-x86_64-debian-clang 0.1.0 6.52 47.46 53.98 NOTE
r-devel-linux-x86_64-debian-gcc 0.1.0 4.22 36.08 40.30 NOTE
r-devel-linux-x86_64-fedora-clang 0.1.0 71.47 NOTE
r-devel-linux-x86_64-fedora-gcc 0.1.0 58.30 NOTE
r-devel-windows-x86_64 0.1.0 16.00 77.00 93.00 NOTE
r-patched-linux-x86_64 0.1.0 6.04 46.41 52.45 NOTE
r-release-linux-x86_64 0.1.0 5.11 47.17 52.28 NOTE
r-release-macos-arm64 0.1.0 26.00 NOTE
r-release-macos-x86_64 0.1.0 45.00 NOTE
r-release-windows-x86_64 0.1.0 20.00 78.00 98.00 NOTE
r-oldrel-macos-arm64 0.1.0 28.00 NOTE
r-oldrel-macos-x86_64 0.1.0 38.00 NOTE
r-oldrel-windows-ix86+x86_64 0.1.0 15.00 73.00 88.00 NOTE

Check Details

Version: 0.1.0
Check: LazyData
Result: NOTE
     'LazyData' is specified without a 'data' directory
Flavors: r-devel-linux-x86_64-debian-clang, r-devel-linux-x86_64-debian-gcc, r-devel-linux-x86_64-fedora-clang, r-devel-linux-x86_64-fedora-gcc, r-devel-windows-x86_64, r-patched-linux-x86_64, r-release-linux-x86_64, r-release-macos-arm64, r-release-macos-x86_64, r-release-windows-x86_64, r-oldrel-macos-arm64, r-oldrel-macos-x86_64, r-oldrel-windows-ix86+x86_64