Last updated on 2023-02-02 06:54:48 CET.
Flavor | Version | Tinstall | Tcheck | Ttotal | Status | Flags |
---|---|---|---|---|---|---|
r-devel-linux-x86_64-debian-clang | 1.4.1 | 6.44 | 55.59 | 62.03 | NOTE | |
r-devel-linux-x86_64-debian-gcc | 1.4.1 | 4.60 | 43.88 | 48.48 | NOTE | |
r-devel-linux-x86_64-fedora-clang | 1.4.1 | 83.19 | NOTE | |||
r-devel-linux-x86_64-fedora-gcc | 1.4.1 | 122.54 | NOTE | |||
r-devel-windows-x86_64 | 1.4.1 | 154.00 | 97.00 | 251.00 | NOTE | |
r-patched-linux-x86_64 | 1.4.1 | 10.39 | 54.77 | 65.16 | NOTE | |
r-release-linux-x86_64 | 1.4.1 | 5.41 | 54.63 | 60.04 | NOTE | |
r-release-macos-arm64 | 1.4.1 | 38.00 | NOTE | |||
r-release-macos-x86_64 | 1.4.1 | 76.00 | NOTE | |||
r-release-windows-x86_64 | 1.4.1 | 173.00 | 98.00 | 271.00 | NOTE | |
r-oldrel-macos-arm64 | 1.4.1 | 29.00 | NOTE | |||
r-oldrel-macos-x86_64 | 1.4.1 | 51.00 | NOTE | |||
r-oldrel-windows-ix86+x86_64 | 1.4.1 | 15.00 | 84.00 | 99.00 | NOTE |
Version: 1.4.1
Check: package dependencies
Result: NOTE
Package suggested but not available for checking: ‘dsBaseClient’
Flavors: r-devel-linux-x86_64-debian-clang, r-devel-linux-x86_64-debian-gcc, r-devel-linux-x86_64-fedora-clang, r-devel-linux-x86_64-fedora-gcc, r-devel-windows-x86_64, r-patched-linux-x86_64, r-release-linux-x86_64, r-release-macos-arm64, r-release-macos-x86_64, r-release-windows-x86_64, r-oldrel-macos-arm64, r-oldrel-macos-x86_64, r-oldrel-windows-ix86+x86_64