Last updated on 2023-03-31 07:53:23 CEST.
Flavor | Version | Tinstall | Tcheck | Ttotal | Status | Flags |
---|---|---|---|---|---|---|
r-devel-linux-x86_64-debian-clang | 0.1.2 | 61.73 | 515.24 | 576.97 | OK | |
r-devel-linux-x86_64-debian-gcc | 0.1.2 | 45.85 | 394.43 | 440.28 | OK | |
r-devel-linux-x86_64-fedora-clang | 0.1.2 | 779.71 | OK | |||
r-devel-linux-x86_64-fedora-gcc | 0.1.2 | 790.38 | OK | |||
r-devel-windows-x86_64 | 0.1.2 | 189.00 | 532.00 | 721.00 | ERROR | |
r-patched-linux-x86_64 | 0.1.2 | 58.38 | 494.12 | 552.50 | OK | |
r-release-linux-x86_64 | 0.1.2 | 57.44 | 496.71 | 554.15 | OK | |
r-release-macos-arm64 | 0.1.2 | 166.00 | NOTE | |||
r-release-macos-x86_64 | 0.1.2 | 252.00 | OK | |||
r-release-windows-x86_64 | 0.1.2 | 125.00 | 9.00 | 134.00 | ERROR | |
r-oldrel-macos-arm64 | 0.1.2 | 177.00 | NOTE | |||
r-oldrel-macos-x86_64 | 0.1.2 | 230.00 | OK | |||
r-oldrel-windows-ix86+x86_64 | 0.1.2 | 132.00 | 506.00 | 638.00 | OK |
Version: 0.1.2
Check: whether package can be installed
Result: ERROR
Installation failed.
Flavors: r-devel-windows-x86_64, r-release-windows-x86_64
Version: 0.1.2
Check: installed package size
Result: NOTE
installed size is 5.4Mb
sub-directories of 1Mb or more:
data 5.0Mb
Flavors: r-release-macos-arm64, r-oldrel-macos-arm64