Last updated on 2023-02-04 08:01:10 CET.
Flavor | Version | Tinstall | Tcheck | Ttotal | Status | Flags |
---|---|---|---|---|---|---|
r-devel-linux-x86_64-debian-clang | 2.5-0 | 43.66 | 931.31 | 974.97 | OK | |
r-devel-linux-x86_64-debian-gcc | 2.5-0 | 37.39 | 655.19 | 692.58 | OK | |
r-devel-linux-x86_64-fedora-clang | 2.5-0 | 1104.32 | NOTE | |||
r-devel-linux-x86_64-fedora-gcc | 2.5-0 | 1122.75 | OK | |||
r-devel-windows-x86_64 | 2.5-0 | 100.00 | 901.00 | 1001.00 | NOTE | |
r-patched-linux-x86_64 | 2.5-0 | 51.27 | 830.38 | 881.65 | OK | |
r-release-linux-x86_64 | 2.5-0 | 35.92 | 853.56 | 889.48 | OK | |
r-release-macos-arm64 | 2.5-0 | 231.00 | NOTE | |||
r-release-macos-x86_64 | 2.5-0 | 401.00 | NOTE | |||
r-release-windows-x86_64 | 2.5-0 | 78.00 | 942.00 | 1020.00 | NOTE | |
r-oldrel-macos-arm64 | 2.5-0 | 247.00 | NOTE | |||
r-oldrel-macos-x86_64 | 2.5-0 | 390.00 | NOTE | |||
r-oldrel-windows-ix86+x86_64 | 2.5-0 | 97.00 | 949.00 | 1046.00 | NOTE |
Version: 2.5-0
Check: installed package size
Result: NOTE
installed size is 5.6Mb
sub-directories of 1Mb or more:
doc 2.3Mb
Flavors: r-devel-linux-x86_64-fedora-clang, r-devel-windows-x86_64, r-release-macos-arm64, r-release-macos-x86_64, r-release-windows-x86_64, r-oldrel-macos-arm64, r-oldrel-macos-x86_64, r-oldrel-windows-ix86+x86_64