Last updated on 2023-02-07 07:53:57 CET.
Flavor | Version | Tinstall | Tcheck | Ttotal | Status | Flags |
---|---|---|---|---|---|---|
r-devel-linux-x86_64-debian-clang | 0.0.4 | 9.93 | 277.78 | 287.71 | NOTE | |
r-devel-linux-x86_64-debian-gcc | 0.0.4 | 7.79 | 201.81 | 209.60 | NOTE | |
r-devel-linux-x86_64-fedora-clang | 0.0.4 | 362.90 | NOTE | |||
r-devel-linux-x86_64-fedora-gcc | 0.0.4 | 363.46 | NOTE | |||
r-devel-windows-x86_64 | 0.0.4 | 14.00 | 291.00 | 305.00 | NOTE | |
r-patched-linux-x86_64 | 0.0.4 | 8.90 | 254.18 | 263.08 | NOTE | |
r-release-linux-x86_64 | 0.0.4 | 7.82 | 261.86 | 269.68 | NOTE | |
r-release-macos-arm64 | 0.0.4 | 85.00 | NOTE | |||
r-release-macos-x86_64 | 0.0.4 | 118.00 | NOTE | |||
r-release-windows-x86_64 | 0.0.4 | 14.00 | 295.00 | 309.00 | NOTE | |
r-oldrel-macos-arm64 | 0.0.4 | 90.00 | NOTE | |||
r-oldrel-macos-x86_64 | 0.0.4 | 177.00 | NOTE | |||
r-oldrel-windows-ix86+x86_64 | 0.0.4 | 20.00 | 298.00 | 318.00 | NOTE |
Version: 0.0.4
Check: LazyData
Result: NOTE
'LazyData' is specified without a 'data' directory
Flavors: r-devel-linux-x86_64-debian-clang, r-devel-linux-x86_64-debian-gcc, r-devel-linux-x86_64-fedora-clang, r-devel-linux-x86_64-fedora-gcc, r-devel-windows-x86_64, r-patched-linux-x86_64, r-release-linux-x86_64, r-release-macos-arm64, r-release-macos-x86_64, r-release-windows-x86_64, r-oldrel-macos-arm64, r-oldrel-macos-x86_64, r-oldrel-windows-ix86+x86_64